Last updated on 2024-06-30 05:53:12 CEST.
Flavor | Version | Tinstall | Tcheck | Ttotal | Status | Flags |
---|---|---|---|---|---|---|
r-devel-linux-x86_64-debian-clang | 0.0.6 | 48.59 | 86.19 | 134.78 | NOTE | |
r-devel-linux-x86_64-debian-gcc | 0.0.6 | 34.39 | 64.29 | 98.68 | NOTE | |
r-devel-linux-x86_64-fedora-clang | 0.0.6 | 188.76 | NOTE | |||
r-devel-linux-x86_64-fedora-gcc | 0.0.6 | 195.70 | NOTE | |||
r-devel-windows-x86_64 | 0.0.6 | 41.00 | 97.00 | 138.00 | NOTE | |
r-patched-linux-x86_64 | 0.0.6 | 40.79 | 82.72 | 123.51 | NOTE | |
r-release-linux-x86_64 | 0.0.6 | 46.59 | 81.24 | 127.83 | NOTE | |
r-release-macos-arm64 | 0.0.6 | 46.00 | NOTE | |||
r-release-macos-x86_64 | 0.0.6 | 68.00 | NOTE | |||
r-release-windows-x86_64 | 0.0.6 | 39.00 | 96.00 | 135.00 | NOTE | |
r-oldrel-macos-arm64 | 0.0.6 | 54.00 | NOTE | |||
r-oldrel-macos-x86_64 | 0.0.6 | 90.00 | NOTE | |||
r-oldrel-windows-x86_64 | 0.0.6 | 51.00 | 114.00 | 165.00 | NOTE |
Version: 0.0.6
Check: C++ specification
Result: NOTE
Specified C++11: please drop specification unless essential
Flavors: r-devel-linux-x86_64-debian-clang, r-devel-linux-x86_64-debian-gcc, r-devel-linux-x86_64-fedora-clang, r-devel-linux-x86_64-fedora-gcc, r-devel-windows-x86_64, r-patched-linux-x86_64, r-release-linux-x86_64, r-release-macos-arm64, r-release-macos-x86_64, r-release-windows-x86_64, r-oldrel-macos-arm64, r-oldrel-macos-x86_64, r-oldrel-windows-x86_64
Version: 0.0.6
Check: installed package size
Result: NOTE
installed size is 5.4Mb
sub-directories of 1Mb or more:
doc 2.8Mb
libs 1.9Mb
Flavors: r-release-macos-arm64, r-release-macos-x86_64, r-oldrel-macos-arm64, r-oldrel-macos-x86_64