Last updated on 2025-02-03 05:49:10 CET.
Flavor | Version | Tinstall | Tcheck | Ttotal | Status | Flags |
---|---|---|---|---|---|---|
r-devel-linux-x86_64-debian-clang | 1.1 | 7.62 | 63.05 | 70.67 | OK | |
r-devel-linux-x86_64-debian-gcc | 1.1 | 5.44 | 47.35 | 52.79 | OK | |
r-devel-linux-x86_64-fedora-clang | 1.1 | 115.63 | OK | |||
r-devel-linux-x86_64-fedora-gcc | 1.1 | 110.24 | OK | |||
r-devel-windows-x86_64 | 1.1 | 8.00 | 93.00 | 101.00 | OK | |
r-patched-linux-x86_64 | 1.1 | 6.88 | 61.04 | 67.92 | NOTE | |
r-release-linux-x86_64 | 1.1 | 6.69 | 60.75 | 67.44 | NOTE | |
r-release-macos-arm64 | 1.1 | 34.00 | NOTE | |||
r-release-macos-x86_64 | 1.1 | 57.00 | NOTE | |||
r-release-windows-x86_64 | 1.1 | 7.00 | 81.00 | 88.00 | NOTE | |
r-oldrel-macos-arm64 | 1.1 | 39.00 | NOTE | |||
r-oldrel-macos-x86_64 | 1.1 | 63.00 | NOTE | |||
r-oldrel-windows-x86_64 | 1.1 | 9.00 | 95.00 | 104.00 | NOTE |
Version: 1.1
Check: LazyData
Result: NOTE
'LazyData' is specified without a 'data' directory
Flavors: r-patched-linux-x86_64, r-release-linux-x86_64, r-release-macos-arm64, r-release-macos-x86_64, r-release-windows-x86_64, r-oldrel-macos-arm64, r-oldrel-macos-x86_64, r-oldrel-windows-x86_64