Last updated on 2025-02-02 05:48:27 CET.
Flavor | Version | Tinstall | Tcheck | Ttotal | Status | Flags |
---|---|---|---|---|---|---|
r-devel-linux-x86_64-debian-clang | 0.1.0 | 11.68 | 92.53 | 104.21 | OK | |
r-devel-linux-x86_64-debian-gcc | 0.1.0 | 8.19 | 69.32 | 77.51 | OK | |
r-devel-linux-x86_64-fedora-clang | 0.1.0 | 167.79 | NOTE | |||
r-devel-linux-x86_64-fedora-gcc | 0.1.0 | 152.11 | NOTE | |||
r-devel-windows-x86_64 | 0.1.0 | 11.00 | 99.00 | 110.00 | OK | |
r-patched-linux-x86_64 | 0.1.0 | 10.74 | 86.95 | 97.69 | OK | |
r-release-linux-x86_64 | 0.1.0 | 10.27 | 86.74 | 97.01 | OK | |
r-release-macos-arm64 | 0.1.0 | 41.00 | OK | |||
r-release-macos-x86_64 | 0.1.0 | 65.00 | OK | |||
r-release-windows-x86_64 | 0.1.0 | 12.00 | 97.00 | 109.00 | OK | |
r-oldrel-macos-arm64 | 0.1.0 | 48.00 | OK | |||
r-oldrel-macos-x86_64 | 0.1.0 | 63.00 | OK | |||
r-oldrel-windows-x86_64 | 0.1.0 | 14.00 | 118.00 | 132.00 | OK |
Version: 0.1.0
Check: dependencies in R code
Result: NOTE
Namespace in Imports field not imported from: ‘utils’
All declared Imports should be used.
Flavors: r-devel-linux-x86_64-fedora-clang, r-devel-linux-x86_64-fedora-gcc