Last updated on 2025-02-02 05:48:27 CET.
Flavor | Version | Tinstall | Tcheck | Ttotal | Status | Flags |
---|---|---|---|---|---|---|
r-devel-linux-x86_64-debian-clang | 1.1.1 | 2.53 | 59.23 | 61.76 | NOTE | |
r-devel-linux-x86_64-debian-gcc | 1.1.1 | 2.07 | 42.61 | 44.68 | NOTE | |
r-devel-linux-x86_64-fedora-clang | 1.1.1 | 102.35 | NOTE | |||
r-devel-linux-x86_64-fedora-gcc | 1.1.1 | 109.12 | NOTE | |||
r-devel-windows-x86_64 | 1.1.1 | 5.00 | 90.00 | 95.00 | NOTE | |
r-patched-linux-x86_64 | 1.1.1 | 3.14 | 55.42 | 58.56 | NOTE | |
r-release-linux-x86_64 | 1.1.1 | 2.48 | 56.91 | 59.39 | NOTE | |
r-release-macos-arm64 | 1.1.1 | 33.00 | NOTE | |||
r-release-macos-x86_64 | 1.1.1 | 66.00 | NOTE | |||
r-release-windows-x86_64 | 1.1.1 | 5.00 | 91.00 | 96.00 | NOTE | |
r-oldrel-macos-arm64 | 1.1.1 | 34.00 | NOTE | |||
r-oldrel-macos-x86_64 | 1.1.1 | 70.00 | NOTE | |||
r-oldrel-windows-x86_64 | 1.1.1 | 4.00 | 95.00 | 99.00 | NOTE |
Version: 1.1.1
Check: package subdirectories
Result: NOTE
Problems with news in ‘NEWS.md’:
Cannot extract version info from the following section titles:
Author
Maintainer
Flavors: r-devel-linux-x86_64-debian-clang, r-devel-linux-x86_64-debian-gcc, r-devel-linux-x86_64-fedora-clang, r-devel-linux-x86_64-fedora-gcc, r-devel-windows-x86_64, r-patched-linux-x86_64, r-release-linux-x86_64, r-release-macos-arm64, r-release-macos-x86_64, r-release-windows-x86_64, r-oldrel-macos-arm64, r-oldrel-macos-x86_64, r-oldrel-windows-x86_64