Last updated on 2024-08-06 05:49:26 CEST.
Flavor | Version | Tinstall | Tcheck | Ttotal | Status | Flags |
---|---|---|---|---|---|---|
r-devel-linux-x86_64-debian-clang | 1.1.0 | 6.01 | 46.09 | 52.10 | NOTE | |
r-devel-linux-x86_64-debian-gcc | 1.1.0 | 3.28 | 27.29 | 30.57 | NOTE | |
r-devel-linux-x86_64-fedora-clang | 1.1.0 | 64.63 | NOTE | |||
r-devel-linux-x86_64-fedora-gcc | 1.1.0 | 60.22 | NOTE | |||
r-devel-windows-x86_64 | 1.1.0 | 6.00 | 56.00 | 62.00 | NOTE | |
r-patched-linux-x86_64 | 1.1.0 | 3.63 | 33.71 | 37.34 | NOTE | |
r-release-linux-x86_64 | 1.1.0 | 5.48 | 43.12 | 48.60 | NOTE | |
r-release-macos-arm64 | 1.1.0 | 22.00 | NOTE | |||
r-release-macos-x86_64 | 1.1.0 | 33.00 | NOTE | |||
r-release-windows-x86_64 | 1.1.0 | 7.00 | 55.00 | 62.00 | NOTE | |
r-oldrel-macos-arm64 | 1.1.0 | 23.00 | NOTE | |||
r-oldrel-macos-x86_64 | 1.1.0 | 30.00 | NOTE | |||
r-oldrel-windows-x86_64 | 1.1.0 | 7.00 | 60.00 | 67.00 | NOTE |
Version: 1.1.0
Check: LazyData
Result: NOTE
'LazyData' is specified without a 'data' directory
Flavors: r-devel-linux-x86_64-debian-clang, r-devel-linux-x86_64-debian-gcc, r-devel-linux-x86_64-fedora-clang, r-devel-linux-x86_64-fedora-gcc, r-devel-windows-x86_64, r-patched-linux-x86_64, r-release-linux-x86_64, r-release-macos-arm64, r-release-macos-x86_64, r-release-windows-x86_64, r-oldrel-macos-arm64, r-oldrel-macos-x86_64, r-oldrel-windows-x86_64