Last updated on 2025-02-02 05:48:27 CET.
Flavor | Version | Tinstall | Tcheck | Ttotal | Status | Flags |
---|---|---|---|---|---|---|
r-devel-linux-x86_64-debian-clang | 0.9-4 | 2.80 | 22.43 | 25.23 | NOTE | |
r-devel-linux-x86_64-debian-gcc | 0.9-4 | 1.82 | 17.31 | 19.13 | NOTE | |
r-devel-linux-x86_64-fedora-clang | 0.9-4 | 41.04 | NOTE | |||
r-devel-linux-x86_64-fedora-gcc | 0.9-4 | 38.40 | NOTE | |||
r-devel-windows-x86_64 | 0.9-4 | 5.00 | 46.00 | 51.00 | NOTE | |
r-patched-linux-x86_64 | 0.9-4 | 2.82 | 21.25 | 24.07 | NOTE | |
r-release-linux-x86_64 | 0.9-4 | 2.40 | 20.97 | 23.37 | NOTE | |
r-release-macos-arm64 | 0.9-4 | 21.00 | NOTE | |||
r-release-macos-x86_64 | 0.9-4 | 23.00 | NOTE | |||
r-release-windows-x86_64 | 0.9-4 | 3.00 | 44.00 | 47.00 | NOTE | |
r-oldrel-macos-arm64 | 0.9-4 | 19.00 | NOTE | |||
r-oldrel-macos-x86_64 | 0.9-4 | 22.00 | NOTE | |||
r-oldrel-windows-x86_64 | 0.9-4 | 5.00 | 48.00 | 53.00 | NOTE |
Version: 0.9-4
Check: Rd files
Result: NOTE
checkRd: (-1) solveLP.Rd:119: Escaped LaTeX specials: \&
Flavors: r-devel-linux-x86_64-debian-clang, r-devel-linux-x86_64-debian-gcc, r-devel-linux-x86_64-fedora-clang, r-devel-linux-x86_64-fedora-gcc, r-devel-windows-x86_64, r-patched-linux-x86_64, r-release-linux-x86_64, r-release-macos-arm64, r-release-macos-x86_64, r-release-windows-x86_64, r-oldrel-macos-arm64, r-oldrel-macos-x86_64, r-oldrel-windows-x86_64