Last updated on 2025-02-03 05:49:09 CET.
Flavor | Version | Tinstall | Tcheck | Ttotal | Status | Flags |
---|---|---|---|---|---|---|
r-devel-linux-x86_64-debian-clang | 1.2.0 | 4.46 | 34.38 | 38.84 | OK | |
r-devel-linux-x86_64-debian-gcc | 1.2.0 | 3.18 | 27.31 | 30.49 | OK | |
r-devel-linux-x86_64-fedora-clang | 1.2.0 | 62.90 | OK | |||
r-devel-linux-x86_64-fedora-gcc | 1.2.0 | 58.10 | OK | |||
r-devel-windows-x86_64 | 1.2.0 | 7.00 | 55.00 | 62.00 | OK | |
r-patched-linux-x86_64 | 1.2.0 | 4.05 | 32.61 | 36.66 | NOTE | |
r-release-linux-x86_64 | 1.2.0 | 3.62 | 32.20 | 35.82 | NOTE | |
r-release-macos-arm64 | 1.2.0 | 22.00 | NOTE | |||
r-release-macos-x86_64 | 1.2.0 | 33.00 | NOTE | |||
r-release-windows-x86_64 | 1.2.0 | 8.00 | 56.00 | 64.00 | NOTE | |
r-oldrel-macos-arm64 | 1.2.0 | 24.00 | NOTE | |||
r-oldrel-macos-x86_64 | 1.2.0 | 32.00 | NOTE | |||
r-oldrel-windows-x86_64 | 1.2.0 | 7.00 | 60.00 | 67.00 | NOTE |
Version: 1.2.0
Check: LazyData
Result: NOTE
'LazyData' is specified without a 'data' directory
Flavors: r-patched-linux-x86_64, r-release-linux-x86_64, r-release-macos-arm64, r-release-macos-x86_64, r-release-windows-x86_64, r-oldrel-macos-arm64, r-oldrel-macos-x86_64, r-oldrel-windows-x86_64