Last updated on 2024-06-30 05:53:11 CEST.
Flavor | Version | Tinstall | Tcheck | Ttotal | Status | Flags |
---|---|---|---|---|---|---|
r-devel-linux-x86_64-debian-clang | 0.4.3.1 | 11.46 | 152.20 | 163.66 | OK | |
r-devel-linux-x86_64-debian-gcc | 0.4.3.1 | 8.26 | 114.67 | 122.93 | OK | |
r-devel-linux-x86_64-fedora-clang | 0.4.3.1 | 215.81 | NOTE | |||
r-devel-linux-x86_64-fedora-gcc | 0.4.3.1 | 221.16 | OK | |||
r-devel-windows-x86_64 | 0.4.3.1 | 89.00 | 882.00 | 971.00 | NOTE | |
r-patched-linux-x86_64 | 0.4.3.1 | 10.80 | 148.35 | 159.15 | OK | |
r-release-linux-x86_64 | 0.4.3.1 | 9.44 | 147.68 | 157.12 | OK | |
r-release-macos-arm64 | 0.4.3.1 | 64.00 | NOTE | |||
r-release-macos-x86_64 | 0.4.3.1 | 96.00 | NOTE | |||
r-release-windows-x86_64 | 0.4.3.1 | 90.00 | 690.00 | 780.00 | NOTE | |
r-oldrel-macos-arm64 | 0.4.3.1 | 66.00 | NOTE | |||
r-oldrel-macos-x86_64 | 0.4.3.1 | 214.00 | NOTE | |||
r-oldrel-windows-x86_64 | 0.4.3.1 | 48.00 | 399.00 | 447.00 | NOTE |
Version: 0.4.3.1
Check: installed package size
Result: NOTE
installed size is 5.5Mb
sub-directories of 1Mb or more:
doc 5.3Mb
Flavors: r-devel-linux-x86_64-fedora-clang, r-devel-windows-x86_64, r-release-macos-arm64, r-release-macos-x86_64, r-release-windows-x86_64, r-oldrel-macos-arm64, r-oldrel-macos-x86_64, r-oldrel-windows-x86_64