CRAN Package Check Results for Package lar

Last updated on 2025-02-02 05:48:26 CET.

Flavor Version Tinstall Tcheck Ttotal Status Flags
r-devel-linux-x86_64-debian-clang 0.1-2 10.82 87.00 97.82 NOTE
r-devel-linux-x86_64-debian-gcc 0.1-2 9.02 65.47 74.49 NOTE
r-devel-linux-x86_64-fedora-clang 0.1-2 154.99 OK
r-devel-linux-x86_64-fedora-gcc 0.1-2 151.40 OK
r-devel-windows-x86_64 0.1-2 11.00 98.00 109.00 NOTE
r-patched-linux-x86_64 0.1-2 14.72 82.33 97.05 OK
r-release-linux-x86_64 0.1-2 10.28 78.57 88.85 OK
r-release-macos-arm64 0.1-2 45.00 OK
r-release-macos-x86_64 0.1-2 75.00 OK
r-release-windows-x86_64 0.1-2 12.00 87.00 99.00 OK
r-oldrel-macos-arm64 0.1-2 52.00 OK
r-oldrel-macos-x86_64 0.1-2 61.00 OK
r-oldrel-windows-x86_64 0.1-2 12.00 99.00 111.00 OK

Check Details

Version: 0.1-2
Check: Rd cross-references
Result: NOTE Found the following Rd file(s) with Rd \link{} targets missing package anchors: draw.lar.Rd: treemap Please provide package anchors for all Rd \link{} targets not in the package itself and the base packages. Flavors: r-devel-linux-x86_64-debian-clang, r-devel-linux-x86_64-debian-gcc, r-devel-windows-x86_64