Last updated on 2024-06-30 05:53:11 CEST.
Flavor | Version | Tinstall | Tcheck | Ttotal | Status | Flags |
---|---|---|---|---|---|---|
r-devel-linux-x86_64-debian-clang | 1.0.1 | 41.09 | 174.26 | 215.35 | NOTE | |
r-devel-linux-x86_64-debian-gcc | 1.0.1 | 50.72 | 129.21 | 179.93 | NOTE | |
r-devel-linux-x86_64-fedora-clang | 1.0.1 | 262.97 | NOTE | |||
r-devel-linux-x86_64-fedora-gcc | 1.0.1 | 255.08 | NOTE | |||
r-devel-windows-x86_64 | 1.0.1 | 57.00 | 172.00 | 229.00 | NOTE | |
r-patched-linux-x86_64 | 1.0.1 | 39.25 | 169.25 | 208.50 | NOTE | |
r-release-linux-x86_64 | 1.0.1 | 40.05 | 163.50 | 203.55 | NOTE | |
r-release-macos-arm64 | 1.0.1 | 111.00 | NOTE | |||
r-release-macos-x86_64 | 1.0.1 | 208.00 | NOTE | |||
r-release-windows-x86_64 | 1.0.1 | 59.00 | 177.00 | 236.00 | NOTE | |
r-oldrel-macos-arm64 | 1.0.1 | 154.00 | NOTE | |||
r-oldrel-macos-x86_64 | 1.0.1 | 203.00 | NOTE | |||
r-oldrel-windows-x86_64 | 1.0.1 | 43.00 | 193.00 | 236.00 | OK |
Version: 1.0.1
Check: Rd files
Result: NOTE
checkRd: (-1) ln_quantile_value.Rd:44: Lost braces in \itemize; \value handles \item{}{} directly
checkRd: (-1) ln_quantile_value.Rd:45: Lost braces in \itemize; \value handles \item{}{} directly
checkRd: (-1) ln_quantile_value.Rd:46: Lost braces in \itemize; \value handles \item{}{} directly
checkRd: (-1) ln_quantile_value.Rd:47: Lost braces in \itemize; \value handles \item{}{} directly
checkRd: (-1) ln_quantile_value.Rd:48: Lost braces in \itemize; \value handles \item{}{} directly
checkRd: (-1) ln_quantile_value.Rd:49: Lost braces in \itemize; \value handles \item{}{} directly
Flavors: r-devel-linux-x86_64-debian-clang, r-devel-linux-x86_64-debian-gcc, r-devel-linux-x86_64-fedora-clang, r-devel-linux-x86_64-fedora-gcc, r-devel-windows-x86_64, r-patched-linux-x86_64, r-release-linux-x86_64, r-release-macos-arm64, r-release-macos-x86_64, r-release-windows-x86_64
Version: 1.0.1
Check: installed package size
Result: NOTE
installed size is 5.4Mb
sub-directories of 1Mb or more:
R 5.2Mb
Flavors: r-release-macos-arm64, r-release-macos-x86_64, r-oldrel-macos-arm64, r-oldrel-macos-x86_64