Last updated on 2025-02-09 07:52:31 CET.
Flavor | Version | Tinstall | Tcheck | Ttotal | Status | Flags |
---|---|---|---|---|---|---|
r-devel-linux-x86_64-debian-clang | 2.0-7.1 | 9.04 | 53.17 | 62.21 | NOTE | |
r-devel-linux-x86_64-debian-gcc | 2.0-7.1 | 6.68 | 38.47 | 45.15 | NOTE | |
r-devel-linux-x86_64-fedora-clang | 2.0-7.1 | 99.63 | NOTE | |||
r-devel-linux-x86_64-fedora-gcc | 2.0-7.1 | 110.66 | NOTE | |||
r-devel-windows-x86_64 | 2.0-7.1 | 12.00 | 93.00 | 105.00 | NOTE | |
r-patched-linux-x86_64 | 2.0-7.1 | 14.36 | 48.80 | 63.16 | NOTE | |
r-release-linux-x86_64 | 2.0-7.1 | 9.22 | 49.06 | 58.28 | NOTE | |
r-release-macos-arm64 | 2.0-7.1 | 40.00 | NOTE | |||
r-release-macos-x86_64 | 2.0-7.1 | 60.00 | NOTE | |||
r-release-windows-x86_64 | 2.0-7.1 | 13.00 | 93.00 | 106.00 | NOTE | |
r-oldrel-macos-arm64 | 2.0-7.1 | 37.00 | OK | |||
r-oldrel-macos-x86_64 | 2.0-7.1 | 71.00 | OK | |||
r-oldrel-windows-x86_64 | 2.0-7.1 | 16.00 | 97.00 | 113.00 | OK |
Version: 2.0-7.1
Check: Rd files
Result: NOTE
checkRd: (-1) CLM.Rd:30: Lost braces
30 | item{tau0}{the mean circular Kendall Tau of the initial order with the data.}
| ^
checkRd: (-1) CLM.Rd:30: Lost braces
30 | item{tau0}{the mean circular Kendall Tau of the initial order with the data.}
| ^
Flavors: r-devel-linux-x86_64-debian-clang, r-devel-linux-x86_64-debian-gcc, r-devel-linux-x86_64-fedora-clang, r-devel-linux-x86_64-fedora-gcc, r-devel-windows-x86_64, r-patched-linux-x86_64, r-release-linux-x86_64, r-release-macos-arm64, r-release-macos-x86_64, r-release-windows-x86_64
Version: 2.0-7.1
Check: Rd cross-references
Result: NOTE
Found the following Rd file(s) with Rd \link{} targets missing package
anchors:
mrl.Rd: rho.circular
plot.isocir.Rd: eqscplot, plot.circular
Please provide package anchors for all Rd \link{} targets not in the
package itself and the base packages.
Flavors: r-devel-linux-x86_64-debian-clang, r-devel-linux-x86_64-debian-gcc, r-devel-windows-x86_64