Last updated on 2024-06-30 05:53:10 CEST.
Flavor | Version | Tinstall | Tcheck | Ttotal | Status | Flags |
---|---|---|---|---|---|---|
r-devel-linux-x86_64-debian-clang | 3.0.4 | 11.28 | 59.42 | 70.70 | OK | |
r-devel-linux-x86_64-debian-gcc | 3.0.4 | 7.29 | 44.42 | 51.71 | OK | |
r-devel-linux-x86_64-fedora-clang | 3.0.4 | 89.32 | NOTE | |||
r-devel-linux-x86_64-fedora-gcc | 3.0.4 | 93.03 | NOTE | |||
r-devel-windows-x86_64 | 3.0.4 | 8.00 | 65.00 | 73.00 | OK | |
r-patched-linux-x86_64 | 3.0.4 | 8.44 | 56.40 | 64.84 | OK | |
r-release-linux-x86_64 | 3.0.4 | 10.07 | 57.60 | 67.67 | OK | |
r-release-macos-arm64 | 3.0.4 | 29.00 | OK | |||
r-release-macos-x86_64 | 3.0.4 | 46.00 | OK | |||
r-release-windows-x86_64 | 3.0.4 | 8.00 | 66.00 | 74.00 | OK | |
r-oldrel-macos-arm64 | 3.0.4 | 33.00 | OK | |||
r-oldrel-macos-x86_64 | 3.0.4 | 50.00 | OK | |||
r-oldrel-windows-x86_64 | 3.0.4 | 11.00 | 72.00 | 83.00 | OK |
Version: 3.0.4
Check: dependencies in R code
Result: NOTE
Namespace in Imports field not imported from: ‘splines2’
All declared Imports should be used.
Flavors: r-devel-linux-x86_64-fedora-clang, r-devel-linux-x86_64-fedora-gcc