Last updated on 2024-06-30 05:53:10 CEST.
Flavor | Version | Tinstall | Tcheck | Ttotal | Status | Flags |
---|---|---|---|---|---|---|
r-devel-linux-x86_64-debian-clang | 1.0.5 | 291.84 | 161.46 | 453.30 | OK | |
r-devel-linux-x86_64-debian-gcc | 1.0.5 | 198.46 | 119.26 | 317.72 | OK | |
r-devel-linux-x86_64-fedora-clang | 1.0.5 | 631.25 | OK | |||
r-devel-linux-x86_64-fedora-gcc | 1.0.5 | 674.61 | OK | |||
r-devel-windows-x86_64 | 1.0.5 | 197.00 | 156.00 | 353.00 | OK | |
r-patched-linux-x86_64 | 1.0.3 | 156.12 | 136.35 | 292.47 | OK | |
r-release-linux-x86_64 | 1.0.3 | 176.78 | 137.23 | 314.01 | OK | |
r-release-macos-arm64 | 1.0.5 | 129.00 | NOTE | |||
r-release-macos-x86_64 | 1.0.5 | 229.00 | NOTE | |||
r-release-windows-x86_64 | 1.0.5 | 212.00 | 159.00 | 371.00 | OK | |
r-oldrel-macos-arm64 | 1.0.5 | 136.00 | NOTE | |||
r-oldrel-macos-x86_64 | 1.0.5 | 184.00 | NOTE | |||
r-oldrel-windows-x86_64 | 1.0.5 | 192.00 | 204.00 | 396.00 | OK |
Version: 1.0.5
Check: installed package size
Result: NOTE
installed size is 11.9Mb
sub-directories of 1Mb or more:
libs 10.7Mb
Flavors: r-release-macos-arm64, r-release-macos-x86_64, r-oldrel-macos-arm64, r-oldrel-macos-x86_64