Last updated on 2024-08-07 05:50:05 CEST.
Flavor | Version | Tinstall | Tcheck | Ttotal | Status | Flags |
---|---|---|---|---|---|---|
r-devel-linux-x86_64-debian-clang | 3.3.3 | 9.23 | 295.26 | 304.49 | NOTE | |
r-devel-linux-x86_64-debian-gcc | 3.3.3 | 7.36 | 203.27 | 210.63 | NOTE | |
r-devel-linux-x86_64-fedora-clang | 3.3.3 | 500.85 | NOTE | |||
r-devel-linux-x86_64-fedora-gcc | 3.3.3 | 488.63 | OK | |||
r-devel-windows-x86_64 | 3.3.3 | 14.00 | 283.00 | 297.00 | NOTE | |
r-patched-linux-x86_64 | 3.3.3 | 21.16 | 282.49 | 303.65 | OK | |
r-release-linux-x86_64 | 3.3.3 | 11.61 | 285.05 | 296.66 | OK | |
r-release-macos-arm64 | 3.3.3 | 146.00 | NOTE | |||
r-release-macos-x86_64 | 3.3.3 | 363.00 | NOTE | |||
r-release-windows-x86_64 | 3.3.3 | 13.00 | 321.00 | 334.00 | NOTE | |
r-oldrel-macos-arm64 | 3.3.3 | 175.00 | NOTE | |||
r-oldrel-macos-x86_64 | 3.3.3 | 337.00 | NOTE | |||
r-oldrel-windows-x86_64 | 3.3.3 | 18.00 | 362.00 | 380.00 | NOTE |
Version: 3.3.3
Check: Rd cross-references
Result: NOTE
Found the following Rd file(s) with Rd \link{} targets missing package
anchors:
inTextSummaryTable-stats.Rd: roundHalfUpTextFormat
Please provide package anchors for all Rd \link{} targets not in the
package itself and the base packages.
Flavors: r-devel-linux-x86_64-debian-clang, r-devel-linux-x86_64-debian-gcc, r-devel-windows-x86_64
Version: 3.3.3
Check: installed package size
Result: NOTE
installed size is 10.2Mb
sub-directories of 1Mb or more:
doc 9.7Mb
Flavors: r-devel-linux-x86_64-fedora-clang, r-devel-windows-x86_64, r-release-macos-arm64, r-release-macos-x86_64, r-release-windows-x86_64, r-oldrel-macos-arm64, r-oldrel-macos-x86_64, r-oldrel-windows-x86_64
Version: 3.3.3
Check: Rd cross-references
Result: NOTE
Undeclared package ‘DT’ in Rd xrefs
Flavor: r-devel-linux-x86_64-fedora-clang