Last updated on 2024-06-30 05:53:10 CEST.
Flavor | Version | Tinstall | Tcheck | Ttotal | Status | Flags |
---|---|---|---|---|---|---|
r-devel-linux-x86_64-debian-clang | 0.2.5 | 2.86 | 47.73 | 50.59 | OK | |
r-devel-linux-x86_64-debian-gcc | 0.2.5 | 2.66 | 34.93 | 37.59 | OK | |
r-devel-linux-x86_64-fedora-clang | 0.2.5 | 69.02 | NOTE | |||
r-devel-linux-x86_64-fedora-gcc | 0.2.5 | 72.60 | OK | |||
r-devel-windows-x86_64 | 0.2.5 | 5.00 | 548.00 | 553.00 | OK | |
r-patched-linux-x86_64 | 0.2.5 | 3.93 | 45.14 | 49.07 | OK | |
r-release-linux-x86_64 | 0.2.5 | 3.41 | 45.17 | 48.58 | OK | |
r-release-macos-arm64 | 0.2.5 | 30.00 | OK | |||
r-release-macos-x86_64 | 0.2.5 | 46.00 | OK | |||
r-release-windows-x86_64 | 0.2.5 | 4.00 | 391.00 | 395.00 | OK | |
r-oldrel-macos-arm64 | 0.2.5 | 34.00 | OK | |||
r-oldrel-macos-x86_64 | 0.2.5 | 69.00 | OK | |||
r-oldrel-windows-x86_64 | 0.2.5 | 5.00 | 270.00 | 275.00 | OK |
Version: 0.2.5
Check: Rd cross-references
Result: NOTE
Undeclared packages ‘bmp’, ‘jpeg’, ‘png’, ‘tiff’ in Rd xrefs
Flavor: r-devel-linux-x86_64-fedora-clang