CRAN Package Check Results for Package hypothesisr

Last updated on 2025-02-10 06:48:24 CET.

Flavor Version Tinstall Tcheck Ttotal Status Flags
r-devel-linux-x86_64-debian-clang 0.1.1 1.92 22.42 24.34 OK
r-devel-linux-x86_64-debian-gcc 0.1.1 1.53 18.18 19.71 OK
r-devel-linux-x86_64-fedora-clang 0.1.1 40.16 OK
r-devel-linux-x86_64-fedora-gcc 0.1.1 37.57 OK
r-devel-windows-x86_64 0.1.1 4.00 47.00 51.00 OK
r-patched-linux-x86_64 0.1.1 1.78 21.20 22.98 NOTE
r-release-linux-x86_64 0.1.1 1.76 21.15 22.91 NOTE
r-release-macos-arm64 0.1.1 25.00 NOTE
r-release-macos-x86_64 0.1.1 29.00 NOTE
r-release-windows-x86_64 0.1.1 4.00 47.00 51.00 NOTE
r-oldrel-macos-arm64 0.1.1 24.00 NOTE
r-oldrel-macos-x86_64 0.1.1 26.00 NOTE
r-oldrel-windows-x86_64 0.1.1 3.00 49.00 52.00 NOTE

Check Details

Version: 0.1.1
Check: LazyData
Result: NOTE 'LazyData' is specified without a 'data' directory Flavors: r-patched-linux-x86_64, r-release-linux-x86_64, r-release-macos-arm64, r-release-macos-x86_64, r-release-windows-x86_64, r-oldrel-macos-arm64, r-oldrel-macos-x86_64, r-oldrel-windows-x86_64