Last updated on 2024-08-16 05:48:23 CEST.
Flavor | Version | Tinstall | Tcheck | Ttotal | Status | Flags |
---|---|---|---|---|---|---|
r-devel-linux-x86_64-debian-clang | 0.0.3 | 2.64 | 82.63 | 85.27 | OK | |
r-devel-linux-x86_64-debian-gcc | 0.0.3 | 1.90 | 53.63 | 55.53 | OK | |
r-devel-linux-x86_64-fedora-clang | 0.0.3 | 148.11 | NOTE | |||
r-devel-linux-x86_64-fedora-gcc | 0.0.3 | 156.31 | NOTE | |||
r-devel-windows-x86_64 | 0.0.3 | 3.00 | 105.00 | 108.00 | OK | |
r-patched-linux-x86_64 | 0.0.3 | 2.24 | 78.16 | 80.40 | OK | |
r-release-linux-x86_64 | 0.0.3 | 2.40 | 77.64 | 80.04 | OK | |
r-release-macos-arm64 | 0.0.3 | 42.00 | OK | |||
r-release-macos-x86_64 | 0.0.3 | 75.00 | OK | |||
r-release-windows-x86_64 | 0.0.3 | 5.00 | 127.00 | 132.00 | OK | |
r-oldrel-macos-arm64 | 0.0.3 | 46.00 | OK | |||
r-oldrel-macos-x86_64 | 0.0.3 | 78.00 | OK | |||
r-oldrel-windows-x86_64 | 0.0.3 | 4.00 | 123.00 | 127.00 | OK |
Version: 0.0.3
Check: dependencies in R code
Result: NOTE
Namespaces in Imports field not imported from:
‘MASS’ ‘rjags’
All declared Imports should be used.
Flavors: r-devel-linux-x86_64-fedora-clang, r-devel-linux-x86_64-fedora-gcc