Last updated on 2025-02-03 05:49:06 CET.
Flavor | Version | Tinstall | Tcheck | Ttotal | Status | Flags |
---|---|---|---|---|---|---|
r-devel-linux-x86_64-debian-clang | 0.1.0 | 4.65 | 36.53 | 41.18 | OK | |
r-devel-linux-x86_64-debian-gcc | 0.1.0 | 3.14 | 27.98 | 31.12 | OK | |
r-devel-linux-x86_64-fedora-clang | 0.1.0 | 65.44 | OK | |||
r-devel-linux-x86_64-fedora-gcc | 0.1.0 | 58.76 | OK | |||
r-devel-windows-x86_64 | 0.1.0 | 5.00 | 59.00 | 64.00 | OK | |
r-patched-linux-x86_64 | 0.1.0 | 4.47 | 33.11 | 37.58 | NOTE | |
r-release-linux-x86_64 | 0.1.0 | 3.62 | 33.32 | 36.94 | NOTE | |
r-release-macos-arm64 | 0.1.0 | 23.00 | NOTE | |||
r-release-macos-x86_64 | 0.1.0 | 32.00 | NOTE | |||
r-release-windows-x86_64 | 0.1.0 | 7.00 | 53.00 | 60.00 | NOTE | |
r-oldrel-macos-arm64 | 0.1.0 | 22.00 | NOTE | |||
r-oldrel-macos-x86_64 | 0.1.0 | 32.00 | NOTE | |||
r-oldrel-windows-x86_64 | 0.1.0 | 8.00 | 61.00 | 69.00 | NOTE |
Version: 0.1.0
Check: LazyData
Result: NOTE
'LazyData' is specified without a 'data' directory
Flavors: r-patched-linux-x86_64, r-release-linux-x86_64, r-release-macos-arm64, r-release-macos-x86_64, r-release-windows-x86_64, r-oldrel-macos-arm64, r-oldrel-macos-x86_64, r-oldrel-windows-x86_64