Last updated on 2024-06-30 05:53:09 CEST.
Flavor | Version | Tinstall | Tcheck | Ttotal | Status | Flags |
---|---|---|---|---|---|---|
r-devel-linux-x86_64-debian-clang | 1.0.1 | 7.79 | 210.47 | 218.26 | OK | |
r-devel-linux-x86_64-debian-gcc | 1.0.1 | 6.04 | 151.52 | 157.56 | OK | |
r-devel-linux-x86_64-fedora-clang | 1.0.1 | 267.87 | NOTE | |||
r-devel-linux-x86_64-fedora-gcc | 1.0.1 | 261.65 | OK | |||
r-devel-windows-x86_64 | 1.0.1 | 10.00 | 144.00 | 154.00 | OK | |
r-patched-linux-x86_64 | 1.0.1 | 5.90 | 197.77 | 203.67 | OK | |
r-release-linux-x86_64 | 1.0.1 | 5.21 | 199.89 | 205.10 | OK | |
r-release-macos-arm64 | 1.0.1 | 71.00 | OK | |||
r-release-macos-x86_64 | 1.0.1 | 115.00 | OK | |||
r-release-windows-x86_64 | 1.0.1 | 10.00 | 144.00 | 154.00 | OK | |
r-oldrel-macos-arm64 | 1.0.1 | 78.00 | OK | |||
r-oldrel-macos-x86_64 | 1.0.1 | 125.00 | OK | |||
r-oldrel-windows-x86_64 | 1.0.1 | 10.00 | 182.00 | 192.00 | OK |
Version: 1.0.1
Check: Rd cross-references
Result: NOTE
Undeclared package ‘rlang’ in Rd xrefs
Flavor: r-devel-linux-x86_64-fedora-clang