Last updated on 2025-02-02 05:48:24 CET.
Flavor | Version | Tinstall | Tcheck | Ttotal | Status | Flags |
---|---|---|---|---|---|---|
r-devel-linux-x86_64-debian-clang | 1.0 | 1.97 | 29.52 | 31.49 | NOTE | |
r-devel-linux-x86_64-debian-gcc | 1.0 | 1.36 | 21.37 | 22.73 | NOTE | |
r-devel-linux-x86_64-fedora-clang | 1.0 | 56.24 | OK | |||
r-devel-linux-x86_64-fedora-gcc | 1.0 | 48.71 | OK | |||
r-devel-windows-x86_64 | 1.0 | 3.00 | 60.00 | 63.00 | NOTE | |
r-patched-linux-x86_64 | 1.0 | 4.08 | 28.30 | 32.38 | OK | |
r-release-linux-x86_64 | 1.0 | 1.95 | 28.98 | 30.93 | OK | |
r-release-macos-arm64 | 1.0 | 18.00 | OK | |||
r-release-macos-x86_64 | 1.0 | 25.00 | OK | |||
r-release-windows-x86_64 | 1.0 | 3.00 | 52.00 | 55.00 | OK | |
r-oldrel-macos-arm64 | 1.0 | 19.00 | OK | |||
r-oldrel-macos-x86_64 | 1.0 | 31.00 | OK | |||
r-oldrel-windows-x86_64 | 1.0 | 4.00 | 53.00 | 57.00 | OK |
Version: 1.0
Check: Rd cross-references
Result: NOTE
Found the following Rd file(s) with Rd \link{} targets missing package
anchors:
coef.geovol.Rd: zoo
geovol.Rd: zoo
geovolObj.Rd: zoo
geovolSim.Rd: zoo
geovolTest.Rd: zoo
Please provide package anchors for all Rd \link{} targets not in the
package itself and the base packages.
Flavors: r-devel-linux-x86_64-debian-clang, r-devel-linux-x86_64-debian-gcc, r-devel-windows-x86_64