Last updated on 2025-02-03 05:49:06 CET.
Flavor | Version | Tinstall | Tcheck | Ttotal | Status | Flags |
---|---|---|---|---|---|---|
r-devel-linux-x86_64-debian-clang | 0.7-2 | 110.46 | 977.49 | 1087.95 | NOTE | |
r-devel-linux-x86_64-debian-gcc | 0.8 | 71.72 | 581.23 | 652.95 | OK | |
r-devel-linux-x86_64-fedora-clang | 0.8 | 979.06 | OK | |||
r-devel-linux-x86_64-fedora-gcc | 0.8 | 901.32 | OK | |||
r-devel-windows-x86_64 | 0.7-2 | 31.00 | 200.00 | 231.00 | NOTE | |
r-patched-linux-x86_64 | 0.7-2 | 116.15 | 902.71 | 1018.86 | OK | |
r-release-linux-x86_64 | 0.8 | 105.40 | 907.08 | 1012.48 | OK | |
r-release-macos-arm64 | 0.8 | 561.00 | OK | |||
r-release-macos-x86_64 | 0.8 | 899.00 | OK | |||
r-release-windows-x86_64 | 0.7-2 | 143.00 | 910.00 | 1053.00 | OK | |
r-oldrel-macos-arm64 | 0.7-2 | 155.00 | OK | |||
r-oldrel-macos-x86_64 | 0.7-2 | 326.00 | OK | |||
r-oldrel-windows-x86_64 | 0.8 | 133.00 | 869.00 | 1002.00 | OK |
Version: 0.7-2
Check: Rd cross-references
Result: NOTE
Found the following Rd file(s) with Rd \link{} targets missing package
anchors:
GNAbstractManager.Rd: R6Class
GNLegacyAPIManager.Rd: R6Class, XMLInternalNode-class
GNManager.Rd: R6Class
GNOpenAPIManager.Rd: R6Class, XMLInternalNode-class
GNPrivConfiguration.Rd: R6Class
GNRESTRequest.Rd: R6Class
GNUtils.Rd: R6Class
GNVersion.Rd: R6Class
Please provide package anchors for all Rd \link{} targets not in the
package itself and the base packages.
Flavors: r-devel-linux-x86_64-debian-clang, r-devel-windows-x86_64