Last updated on 2024-08-06 05:49:23 CEST.
Flavor | Version | Tinstall | Tcheck | Ttotal | Status | Flags |
---|---|---|---|---|---|---|
r-devel-linux-x86_64-debian-clang | 0.8.11 | 7.92 | 96.41 | 104.33 | NOTE | |
r-devel-linux-x86_64-debian-gcc | 0.8.11 | 3.93 | 49.56 | 53.49 | NOTE | |
r-devel-linux-x86_64-fedora-clang | 0.8.11 | 128.99 | NOTE | |||
r-devel-linux-x86_64-fedora-gcc | 0.8.11 | 134.09 | NOTE | |||
r-devel-windows-x86_64 | 0.8.11 | 7.00 | 99.00 | 106.00 | NOTE | |
r-patched-linux-x86_64 | 0.8.11 | 6.55 | 69.90 | 76.45 | NOTE | |
r-release-linux-x86_64 | 0.8.11 | 8.05 | 91.18 | 99.23 | NOTE | |
r-release-macos-arm64 | 0.8.11 | 42.00 | NOTE | |||
r-release-macos-x86_64 | 0.8.11 | 68.00 | NOTE | |||
r-release-windows-x86_64 | 0.8.11 | 7.00 | 99.00 | 106.00 | NOTE | |
r-oldrel-macos-arm64 | 0.8.11 | 49.00 | OK | |||
r-oldrel-macos-x86_64 | 0.8.11 | 80.00 | OK | |||
r-oldrel-windows-x86_64 | 0.8.11 | 9.00 | 105.00 | 114.00 | OK |
Version: 0.8.11
Check: Rd files
Result: NOTE
checkRd: (-1) barto.Rd:15-18: Lost braces in \itemize; meant \describe ?
checkRd: (-1) barto.Rd:19-22: Lost braces in \itemize; meant \describe ?
checkRd: (-1) barto.Rd:23-26: Lost braces in \itemize; meant \describe ?
checkRd: (-1) chrY_subseg.Rd:16-17: Lost braces in \itemize; meant \describe ?
checkRd: (-1) chrY_subseg.Rd:18-19: Lost braces in \itemize; meant \describe ?
checkRd: (-1) mauve_bbone.Rd:16-17: Lost braces in \itemize; meant \describe ?
checkRd: (-1) mauve_bbone.Rd:18-19: Lost braces in \itemize; meant \describe ?
checkRd: (-1) three_genes.Rd:17-18: Lost braces in \itemize; meant \describe ?
checkRd: (-1) three_genes.Rd:19-20: Lost braces in \itemize; meant \describe ?
Flavors: r-devel-linux-x86_64-debian-clang, r-devel-linux-x86_64-debian-gcc, r-devel-linux-x86_64-fedora-clang, r-devel-linux-x86_64-fedora-gcc, r-devel-windows-x86_64, r-patched-linux-x86_64, r-release-linux-x86_64, r-release-macos-arm64, r-release-macos-x86_64, r-release-windows-x86_64