Last updated on 2024-06-30 05:53:09 CEST.
Flavor | Version | Tinstall | Tcheck | Ttotal | Status | Flags |
---|---|---|---|---|---|---|
r-devel-linux-x86_64-debian-clang | 1.1.2 | 41.28 | 59.87 | 101.15 | OK | |
r-devel-linux-x86_64-debian-gcc | 1.1.2 | 22.17 | 44.00 | 66.17 | OK | |
r-devel-linux-x86_64-fedora-clang | 1.1.2 | 137.82 | OK | |||
r-devel-linux-x86_64-fedora-gcc | 1.1.2 | 156.05 | OK | |||
r-devel-windows-x86_64 | 1.1.2 | 33.00 | 93.00 | 126.00 | OK | |
r-patched-linux-x86_64 | 1.1.2 | 27.81 | 57.26 | 85.07 | OK | |
r-release-linux-x86_64 | 1.1.2 | 22.22 | 56.10 | 78.32 | OK | |
r-release-macos-arm64 | 1.1.2 | 48.00 | OK | |||
r-release-macos-x86_64 | 1.1.2 | 69.00 | OK | |||
r-release-windows-x86_64 | 1.1.2 | 32.00 | 91.00 | 123.00 | OK | |
r-oldrel-macos-arm64 | 1.1.2 | 43.00 | NOTE | |||
r-oldrel-macos-x86_64 | 1.1.2 | 73.00 | OK | |||
r-oldrel-windows-x86_64 | 1.1.2 | 39.00 | 105.00 | 144.00 | OK |
Version: 1.1.2
Check: package dependencies
Result: NOTE
Package suggested but not available for checking: ‘snpStats’
Flavor: r-oldrel-macos-arm64