Last updated on 2025-02-02 05:48:24 CET.
Flavor | Version | Tinstall | Tcheck | Ttotal | Status | Flags |
---|---|---|---|---|---|---|
r-devel-linux-x86_64-debian-clang | 1.2.1 | 2.72 | 23.43 | 26.15 | NOTE | |
r-devel-linux-x86_64-debian-gcc | 1.2.1 | 2.40 | 19.14 | 21.54 | NOTE | |
r-devel-linux-x86_64-fedora-clang | 1.2.1 | 45.84 | NOTE | |||
r-devel-linux-x86_64-fedora-gcc | 1.2.1 | 54.26 | NOTE | |||
r-devel-windows-x86_64 | 1.2.1 | 7.00 | 47.00 | 54.00 | NOTE | |
r-patched-linux-x86_64 | 1.2.1 | 2.78 | 22.29 | 25.07 | NOTE | |
r-release-linux-x86_64 | 1.2.1 | 2.75 | 22.43 | 25.18 | NOTE | |
r-release-macos-arm64 | 1.2.1 | 30.00 | NOTE | |||
r-release-macos-x86_64 | 1.2.1 | 35.00 | NOTE | |||
r-release-windows-x86_64 | 1.2.1 | 7.00 | 48.00 | 55.00 | NOTE | |
r-oldrel-macos-arm64 | 1.2.1 | 21.00 | OK | |||
r-oldrel-macos-x86_64 | 1.2.1 | 35.00 | OK | |||
r-oldrel-windows-x86_64 | 1.2.1 | 5.00 | 48.00 | 53.00 | OK |
Version: 1.2.1
Check: Rd files
Result: NOTE
checkRd: (-1) gelnet.logreg.obj.Rd:17: Lost braces; missing escapes or markup?
17 | \item{y}{n-by-1 binary response vector sampled from {0,1}}
| ^
Flavors: r-devel-linux-x86_64-debian-clang, r-devel-linux-x86_64-debian-gcc, r-devel-linux-x86_64-fedora-clang, r-devel-linux-x86_64-fedora-gcc, r-devel-windows-x86_64, r-patched-linux-x86_64, r-release-linux-x86_64, r-release-macos-arm64, r-release-macos-x86_64, r-release-windows-x86_64
Version: 1.2.1
Check: compiled code
Result: NOTE
File ‘gelnet/libs/gelnet.so’:
Found no calls to: ‘R_registerRoutines’, ‘R_useDynamicSymbols’
It is good practice to register native routines and to disable symbol
search.
See ‘Writing portable packages’ in the ‘Writing R Extensions’ manual.
Flavors: r-devel-linux-x86_64-fedora-clang, r-devel-linux-x86_64-fedora-gcc