Last updated on 2024-06-30 05:53:09 CEST.
Flavor | Version | Tinstall | Tcheck | Ttotal | Status | Flags |
---|---|---|---|---|---|---|
r-devel-linux-x86_64-debian-clang | 1.0 | 2.68 | 35.22 | 37.90 | NOTE | |
r-devel-linux-x86_64-debian-gcc | 1.0 | 1.74 | 28.69 | 30.43 | NOTE | |
r-devel-linux-x86_64-fedora-clang | 1.0 | 51.87 | NOTE | |||
r-devel-linux-x86_64-fedora-gcc | 1.0 | 46.03 | NOTE | |||
r-devel-windows-x86_64 | 1.0 | 3.00 | 52.00 | 55.00 | NOTE | |
r-patched-linux-x86_64 | 1.0 | 2.22 | 34.13 | 36.35 | NOTE | |
r-release-linux-x86_64 | 1.0 | 2.86 | 34.83 | 37.69 | NOTE | |
r-release-macos-arm64 | 1.0 | 20.00 | NOTE | |||
r-release-macos-x86_64 | 1.0 | 30.00 | NOTE | |||
r-release-windows-x86_64 | 1.0 | 3.00 | 52.00 | 55.00 | NOTE | |
r-oldrel-macos-arm64 | 1.0 | 21.00 | NOTE | |||
r-oldrel-macos-x86_64 | 1.0 | 30.00 | NOTE | |||
r-oldrel-windows-x86_64 | 1.0 | 4.00 | 54.00 | 58.00 | NOTE |
Version: 1.0
Check: Rd files
Result: NOTE
checkRd: (-1) estprops.Rd:40: Escaped LaTeX specials: \&
Flavors: r-devel-linux-x86_64-debian-clang, r-devel-linux-x86_64-debian-gcc, r-devel-linux-x86_64-fedora-clang, r-devel-linux-x86_64-fedora-gcc, r-devel-windows-x86_64, r-patched-linux-x86_64, r-release-linux-x86_64, r-release-macos-arm64, r-release-macos-x86_64, r-release-windows-x86_64, r-oldrel-macos-arm64, r-oldrel-macos-x86_64, r-oldrel-windows-x86_64