Last updated on 2024-06-30 05:53:09 CEST.
Flavor | Version | Tinstall | Tcheck | Ttotal | Status | Flags |
---|---|---|---|---|---|---|
r-devel-linux-x86_64-debian-clang | 1.0.2 | 75.06 | 189.75 | 264.81 | OK | |
r-devel-linux-x86_64-debian-gcc | 1.0.2 | 47.44 | 150.21 | 197.65 | OK | |
r-devel-linux-x86_64-fedora-clang | 1.0.2 | 354.93 | OK | |||
r-devel-linux-x86_64-fedora-gcc | 1.0.2 | 341.11 | OK | |||
r-devel-windows-x86_64 | 1.0.2 | 56.00 | 171.00 | 227.00 | OK | |
r-patched-linux-x86_64 | 1.0.2 | 62.02 | 184.07 | 246.09 | OK | |
r-release-linux-x86_64 | 1.0.2 | 57.13 | 180.42 | 237.55 | OK | |
r-release-macos-arm64 | 1.0.2 | 96.00 | NOTE | |||
r-release-macos-x86_64 | 1.0.2 | 129.00 | NOTE | |||
r-release-windows-x86_64 | 1.0.2 | 55.00 | 175.00 | 230.00 | OK | |
r-oldrel-macos-arm64 | 1.0.2 | 103.00 | NOTE | |||
r-oldrel-macos-x86_64 | 1.0.2 | 212.00 | NOTE | |||
r-oldrel-windows-x86_64 | 1.0.2 | 69.00 | 224.00 | 293.00 | OK |
Version: 1.0.2
Check: installed package size
Result: NOTE
installed size is 7.7Mb
sub-directories of 1Mb or more:
libs 7.4Mb
Flavors: r-release-macos-arm64, r-release-macos-x86_64, r-oldrel-macos-arm64, r-oldrel-macos-x86_64