Last updated on 2024-08-16 05:48:22 CEST.
Flavor | Version | Tinstall | Tcheck | Ttotal | Status | Flags |
---|---|---|---|---|---|---|
r-devel-linux-x86_64-debian-clang | 6.4 | 28.12 | 195.32 | 223.44 | NOTE | |
r-devel-linux-x86_64-debian-gcc | 6.4 | 19.37 | 132.07 | 151.44 | NOTE | |
r-devel-linux-x86_64-fedora-clang | 6.4 | 369.75 | OK | |||
r-devel-linux-x86_64-fedora-gcc | 6.4 | 353.15 | OK | |||
r-devel-windows-x86_64 | 6.4 | 28.00 | 198.00 | 226.00 | NOTE | |
r-patched-linux-x86_64 | 6.4 | 34.17 | 183.75 | 217.92 | OK | |
r-release-linux-x86_64 | 6.4 | 28.62 | 185.08 | 213.70 | OK | |
r-release-macos-arm64 | 6.4 | 86.00 | OK | |||
r-release-macos-x86_64 | 6.4 | 136.00 | OK | |||
r-release-windows-x86_64 | 6.4 | 30.00 | 197.00 | 227.00 | OK | |
r-oldrel-macos-arm64 | 6.4 | 101.00 | OK | |||
r-oldrel-macos-x86_64 | 6.4 | 203.00 | OK | |||
r-oldrel-windows-x86_64 | 6.4 | 39.00 | 251.00 | 290.00 | OK |
Version: 6.4
Check: Rd cross-references
Result: NOTE
Found the following Rd file(s) with Rd \link{} targets missing package
anchors:
farforecast.Rd: fds
long_run_covariance_estimation.Rd: fts
Please provide package anchors for all Rd \link{} targets not in the
package itself and the base packages.
Flavors: r-devel-linux-x86_64-debian-clang, r-devel-linux-x86_64-debian-gcc, r-devel-windows-x86_64