Last updated on 2024-06-30 05:53:08 CEST.
Flavor | Version | Tinstall | Tcheck | Ttotal | Status | Flags |
---|---|---|---|---|---|---|
r-devel-linux-x86_64-debian-clang | 1.0.1 | 39.88 | 146.73 | 186.61 | NOTE | |
r-devel-linux-x86_64-debian-gcc | 1.0.1 | 29.15 | 108.90 | 138.05 | NOTE | |
r-devel-linux-x86_64-fedora-clang | 1.0.1 | 250.84 | NOTE | |||
r-devel-linux-x86_64-fedora-gcc | 1.0.1 | 243.83 | NOTE | |||
r-devel-windows-x86_64 | 1.0.1 | 35.00 | 157.00 | 192.00 | NOTE | |
r-patched-linux-x86_64 | 1.0.1 | 33.79 | 139.58 | 173.37 | NOTE | |
r-release-linux-x86_64 | 1.0.1 | 37.94 | 141.93 | 179.87 | NOTE | |
r-release-macos-arm64 | 1.0.1 | 62.00 | NOTE | |||
r-release-macos-x86_64 | 1.0.1 | 107.00 | NOTE | |||
r-release-windows-x86_64 | 1.0.1 | 36.00 | 155.00 | 191.00 | NOTE | |
r-oldrel-macos-arm64 | 1.0.1 | 78.00 | NOTE | |||
r-oldrel-macos-x86_64 | 1.0.1 | 122.00 | NOTE | |||
r-oldrel-windows-x86_64 | 1.0.1 | 43.00 | 180.00 | 223.00 | NOTE |
Version: 1.0.1
Check: Rd files
Result: NOTE
checkRd: (-1) emfrail_control.Rd:49: Lost braces in \itemize; meant \describe ?
checkRd: (-1) emfrail_control.Rd:50: Lost braces in \itemize; meant \describe ?
checkRd: (-1) emfrail_control.Rd:51: Lost braces in \itemize; meant \describe ?
checkRd: (-1) emfrail_control.Rd:52: Lost braces in \itemize; meant \describe ?
checkRd: (-1) emfrail_control.Rd:53-54: Lost braces in \itemize; meant \describe ?
checkRd: (-1) emfrail_control.Rd:55-57: Lost braces in \itemize; meant \describe ?
Flavors: r-devel-linux-x86_64-debian-clang, r-devel-linux-x86_64-debian-gcc, r-devel-linux-x86_64-fedora-clang, r-devel-linux-x86_64-fedora-gcc, r-devel-windows-x86_64, r-patched-linux-x86_64, r-release-linux-x86_64, r-release-macos-arm64, r-release-macos-x86_64, r-release-windows-x86_64
Version: 1.0.1
Check: LazyData
Result: NOTE
'LazyData' is specified without a 'data' directory
Flavors: r-devel-linux-x86_64-debian-clang, r-devel-linux-x86_64-debian-gcc, r-devel-linux-x86_64-fedora-clang, r-devel-linux-x86_64-fedora-gcc, r-devel-windows-x86_64, r-patched-linux-x86_64, r-release-linux-x86_64, r-release-macos-arm64, r-release-macos-x86_64, r-release-windows-x86_64, r-oldrel-macos-arm64, r-oldrel-macos-x86_64, r-oldrel-windows-x86_64