Last updated on 2025-02-02 05:48:24 CET.
Flavor | Version | Tinstall | Tcheck | Ttotal | Status | Flags |
---|---|---|---|---|---|---|
r-devel-linux-x86_64-debian-clang | 1.1.0 | 20.82 | 24.04 | 44.86 | NOTE | |
r-devel-linux-x86_64-debian-gcc | 1.1.0 | 18.19 | 18.92 | 37.11 | NOTE | |
r-devel-linux-x86_64-fedora-clang | 1.1.0 | 87.43 | NOTE | |||
r-devel-linux-x86_64-fedora-gcc | 1.1.0 | 91.21 | NOTE | |||
r-devel-windows-x86_64 | 1.1.0 | 27.00 | 83.00 | 110.00 | NOTE | |
r-patched-linux-x86_64 | 1.1.0 | 24.85 | 22.53 | 47.38 | NOTE | |
r-release-linux-x86_64 | 1.1.0 | 24.04 | 22.72 | 46.76 | NOTE | |
r-release-macos-arm64 | 1.1.0 | 26.00 | NOTE | |||
r-release-macos-x86_64 | 1.1.0 | 39.00 | NOTE | |||
r-release-windows-x86_64 | 1.1.0 | 28.00 | 66.00 | 94.00 | NOTE | |
r-oldrel-macos-arm64 | 1.1.0 | 28.00 | NOTE | |||
r-oldrel-macos-x86_64 | 1.1.0 | 46.00 | NOTE | |||
r-oldrel-windows-x86_64 | 1.1.0 | 31.00 | 74.00 | 105.00 | NOTE |
Version: 1.1.0
Check: C++ specification
Result: NOTE
Specified C++11: please drop specification unless essential
Flavors: r-devel-linux-x86_64-debian-clang, r-devel-linux-x86_64-debian-gcc, r-devel-linux-x86_64-fedora-clang, r-devel-linux-x86_64-fedora-gcc, r-devel-windows-x86_64, r-patched-linux-x86_64, r-release-linux-x86_64, r-release-macos-arm64, r-release-macos-x86_64, r-release-windows-x86_64, r-oldrel-macos-arm64, r-oldrel-macos-x86_64, r-oldrel-windows-x86_64