Last updated on 2024-06-30 05:53:08 CEST.
Flavor | Version | Tinstall | Tcheck | Ttotal | Status | Flags |
---|---|---|---|---|---|---|
r-devel-linux-x86_64-debian-clang | 0.3.3 | 35.04 | 131.04 | 166.08 | OK | |
r-devel-linux-x86_64-debian-gcc | 0.3.3 | 23.41 | 98.33 | 121.74 | OK | |
r-devel-linux-x86_64-fedora-clang | 0.3.3 | 234.36 | NOTE | |||
r-devel-linux-x86_64-fedora-gcc | 0.3.3 | 226.54 | OK | |||
r-devel-windows-x86_64 | 0.3.3 | 34.00 | 115.00 | 149.00 | NOTE | |
r-patched-linux-x86_64 | 0.3.3 | 29.39 | 125.62 | 155.01 | OK | |
r-release-linux-x86_64 | 0.3.3 | 34.76 | 123.18 | 157.94 | OK | |
r-release-macos-arm64 | 0.3.3 | 52.00 | NOTE | |||
r-release-macos-x86_64 | 0.3.3 | 87.00 | NOTE | |||
r-release-windows-x86_64 | 0.3.3 | 34.00 | 113.00 | 147.00 | NOTE | |
r-oldrel-macos-arm64 | 0.3.3 | 60.00 | NOTE | |||
r-oldrel-macos-x86_64 | 0.3.3 | 125.00 | NOTE | |||
r-oldrel-windows-x86_64 | 0.3.3 | 40.00 | 137.00 | 177.00 | NOTE |
Version: 0.3.3
Check: installed package size
Result: NOTE
installed size is 9.9Mb
sub-directories of 1Mb or more:
doc 9.1Mb
Flavors: r-devel-linux-x86_64-fedora-clang, r-devel-windows-x86_64, r-release-macos-arm64, r-release-macos-x86_64, r-release-windows-x86_64, r-oldrel-macos-arm64, r-oldrel-macos-x86_64, r-oldrel-windows-x86_64