Last updated on 2024-08-06 05:49:23 CEST.
Flavor | Version | Tinstall | Tcheck | Ttotal | Status | Flags |
---|---|---|---|---|---|---|
r-devel-linux-x86_64-debian-clang | 1.01-2 | 3.41 | 21.57 | 24.98 | NOTE | |
r-devel-linux-x86_64-debian-gcc | 1.01-2 | 1.74 | 13.96 | 15.70 | NOTE | |
r-devel-linux-x86_64-fedora-clang | 1.01-2 | 31.94 | NOTE | |||
r-devel-linux-x86_64-fedora-gcc | 1.01-2 | 30.47 | NOTE | |||
r-devel-windows-x86_64 | 1.01-2 | 5.00 | 38.00 | 43.00 | NOTE | |
r-patched-linux-x86_64 | 1.01-2 | 2.02 | 16.85 | 18.87 | NOTE | |
r-release-linux-x86_64 | 1.01-2 | 2.83 | 21.63 | 24.46 | NOTE | |
r-release-macos-arm64 | 1.01-2 | 15.00 | NOTE | |||
r-release-macos-x86_64 | 1.01-2 | 26.00 | NOTE | |||
r-release-windows-x86_64 | 1.01-2 | 4.00 | 38.00 | 42.00 | NOTE | |
r-oldrel-macos-arm64 | 1.01-2 | 18.00 | NOTE | |||
r-oldrel-macos-x86_64 | 1.01-2 | 21.00 | NOTE | |||
r-oldrel-windows-x86_64 | 1.01-2 | 5.00 | 36.00 | 41.00 | NOTE |
Version: 1.01-2
Check: DESCRIPTION meta-information
Result: NOTE
Malformed Description field: should contain one or more complete sentences.
Flavors: r-devel-linux-x86_64-debian-clang, r-devel-linux-x86_64-debian-gcc, r-devel-linux-x86_64-fedora-clang, r-devel-linux-x86_64-fedora-gcc, r-devel-windows-x86_64, r-patched-linux-x86_64, r-release-linux-x86_64, r-release-macos-arm64, r-release-macos-x86_64, r-release-windows-x86_64, r-oldrel-macos-arm64, r-oldrel-macos-x86_64, r-oldrel-windows-x86_64
Version: 1.01-2
Check: Rd files
Result: NOTE
checkRd: (-1) flashClust.Rd:92: Escaped LaTeX specials: \&
Flavors: r-devel-linux-x86_64-debian-clang, r-devel-linux-x86_64-debian-gcc, r-devel-linux-x86_64-fedora-clang, r-devel-linux-x86_64-fedora-gcc, r-devel-windows-x86_64, r-patched-linux-x86_64, r-release-linux-x86_64, r-release-macos-arm64, r-release-macos-x86_64, r-release-windows-x86_64, r-oldrel-macos-arm64, r-oldrel-macos-x86_64, r-oldrel-windows-x86_64
Version: 1.01-2
Check: compiled code
Result: NOTE
File ‘flashClust/libs/flashClust.so’:
Found no calls to: ‘R_registerRoutines’, ‘R_useDynamicSymbols’
It is good practice to register native routines and to disable symbol
search.
See ‘Writing portable packages’ in the ‘Writing R Extensions’ manual.
Flavors: r-devel-linux-x86_64-fedora-clang, r-devel-linux-x86_64-fedora-gcc