Last updated on 2024-08-06 05:49:23 CEST.
Flavor | Version | Tinstall | Tcheck | Ttotal | Status | Flags |
---|---|---|---|---|---|---|
r-devel-linux-x86_64-debian-clang | 0.6.2 | 5.11 | 94.69 | 99.80 | OK | |
r-devel-linux-x86_64-debian-gcc | 0.6.2 | 4.21 | 53.39 | 57.60 | OK | |
r-devel-linux-x86_64-fedora-clang | 0.6.2 | 129.00 | NOTE | |||
r-devel-linux-x86_64-fedora-gcc | 0.6.2 | 135.27 | NOTE | |||
r-devel-windows-x86_64 | 0.6.2 | 8.00 | 94.00 | 102.00 | OK | |
r-patched-linux-x86_64 | 0.6.2 | 5.26 | 69.86 | 75.12 | OK | |
r-release-linux-x86_64 | 0.6.2 | 6.14 | 88.74 | 94.88 | OK | |
r-release-macos-arm64 | 0.6.2 | 42.00 | OK | |||
r-release-macos-x86_64 | 0.6.2 | 76.00 | OK | |||
r-release-windows-x86_64 | 0.6.2 | 10.00 | 94.00 | 104.00 | OK | |
r-oldrel-macos-arm64 | 0.6.2 | 50.00 | OK | |||
r-oldrel-macos-x86_64 | 0.6.2 | 70.00 | OK | |||
r-oldrel-windows-x86_64 | 0.6.2 | 8.00 | 102.00 | 110.00 | OK |
Version: 0.6.2
Check: dependencies in R code
Result: NOTE
Namespace in Imports field not imported from: ‘rstudioapi’
All declared Imports should be used.
Flavors: r-devel-linux-x86_64-fedora-clang, r-devel-linux-x86_64-fedora-gcc