Last updated on 2024-06-21 05:58:04 CEST.
Flavor | Version | Tinstall | Tcheck | Ttotal | Status | Flags |
---|---|---|---|---|---|---|
r-devel-linux-x86_64-debian-clang | 3042.79 | 7.32 | 57.83 | 65.15 | NOTE | |
r-devel-linux-x86_64-debian-gcc | 3042.79 | 4.63 | 43.29 | 47.92 | NOTE | |
r-devel-linux-x86_64-fedora-clang | 3042.79 | 83.06 | NOTE | |||
r-devel-linux-x86_64-fedora-gcc | 3042.79 | 75.39 | NOTE | |||
r-devel-windows-x86_64 | 3042.79 | 6.00 | 58.00 | 64.00 | NOTE | |
r-patched-linux-x86_64 | 3042.79 | 6.82 | 55.83 | 62.65 | NOTE | |
r-release-linux-x86_64 | 3042.79 | 6.08 | 55.09 | 61.17 | NOTE | |
r-release-macos-arm64 | 3042.79 | 26.00 | NOTE | |||
r-release-macos-x86_64 | 3042.79 | 36.00 | NOTE | |||
r-release-windows-x86_64 | 3042.79 | 6.00 | 60.00 | 66.00 | NOTE | |
r-oldrel-macos-arm64 | 3042.79 | 27.00 | NOTE | |||
r-oldrel-macos-x86_64 | 3042.79 | 38.00 | NOTE | |||
r-oldrel-windows-x86_64 | 3042.79 | 7.00 | 68.00 | 75.00 | NOTE |
Version: 3042.79
Check: LazyData
Result: NOTE
'LazyData' is specified without a 'data' directory
Flavors: r-devel-linux-x86_64-debian-clang, r-devel-linux-x86_64-debian-gcc, r-devel-linux-x86_64-fedora-clang, r-devel-linux-x86_64-fedora-gcc, r-devel-windows-x86_64, r-patched-linux-x86_64, r-release-linux-x86_64, r-release-macos-arm64, r-release-macos-x86_64, r-release-windows-x86_64, r-oldrel-macos-arm64, r-oldrel-macos-x86_64, r-oldrel-windows-x86_64