Last updated on 2024-08-07 05:50:01 CEST.
Flavor | Version | Tinstall | Tcheck | Ttotal | Status | Flags |
---|---|---|---|---|---|---|
r-devel-linux-x86_64-debian-clang | 0.9.0 | 103.17 | 25.89 | 129.06 | OK | |
r-devel-linux-x86_64-debian-gcc | 0.9.0 | 72.26 | 27.54 | 99.80 | OK | |
r-devel-linux-x86_64-fedora-clang | 0.9.0 | 218.19 | OK | |||
r-devel-linux-x86_64-fedora-gcc | 0.9.0 | 266.21 | OK | |||
r-devel-windows-x86_64 | 0.9.0 | 95.00 | 77.00 | 172.00 | OK | |
r-patched-linux-x86_64 | 0.9.0 | 94.43 | 34.19 | 128.62 | OK | |
r-release-linux-x86_64 | 0.9.0 | 95.12 | 34.13 | 129.25 | OK | |
r-release-macos-arm64 | 0.9.0 | 59.00 | NOTE | |||
r-release-macos-x86_64 | 0.9.0 | 57.00 | NOTE | |||
r-release-windows-x86_64 | 0.9.0 | 95.00 | 77.00 | 172.00 | OK | |
r-oldrel-macos-arm64 | 0.9.0 | 62.00 | NOTE | |||
r-oldrel-macos-x86_64 | 0.9.0 | 82.00 | NOTE | |||
r-oldrel-windows-x86_64 | 0.9.0 | 114.00 | 87.00 | 201.00 | OK |
Version: 0.9.0
Check: installed package size
Result: NOTE
installed size is 39.2Mb
sub-directories of 1Mb or more:
libs 39.1Mb
Flavors: r-release-macos-arm64, r-release-macos-x86_64, r-oldrel-macos-arm64, r-oldrel-macos-x86_64