Last updated on 2025-02-02 05:48:22 CET.
Flavor | Version | Tinstall | Tcheck | Ttotal | Status | Flags |
---|---|---|---|---|---|---|
r-devel-linux-x86_64-debian-clang | 0.1.0 | 2.31 | 30.04 | 32.35 | NOTE | |
r-devel-linux-x86_64-debian-gcc | 0.1.0 | 2.14 | 22.98 | 25.12 | NOTE | |
r-devel-linux-x86_64-fedora-clang | 0.1.0 | 57.80 | NOTE | |||
r-devel-linux-x86_64-fedora-gcc | 0.1.0 | 50.41 | NOTE | |||
r-devel-windows-x86_64 | 0.1.0 | 4.00 | 60.00 | 64.00 | NOTE | |
r-patched-linux-x86_64 | 0.1.0 | 2.86 | 28.12 | 30.98 | NOTE | |
r-release-linux-x86_64 | 0.1.0 | 2.51 | 28.34 | 30.85 | NOTE | |
r-release-macos-arm64 | 0.1.0 | 20.00 | NOTE | |||
r-release-macos-x86_64 | 0.1.0 | 28.00 | NOTE | |||
r-release-windows-x86_64 | 0.1.0 | 4.00 | 55.00 | 59.00 | NOTE | |
r-oldrel-macos-arm64 | 0.1.0 | 21.00 | OK | |||
r-oldrel-macos-x86_64 | 0.1.0 | 28.00 | OK | |||
r-oldrel-windows-x86_64 | 0.1.0 | 5.00 | 58.00 | 63.00 | OK |
Version: 0.1.0
Check: Rd files
Result: NOTE
checkRd: (-1) Mena.Rd:14: Lost braces in \itemize; meant \describe ?
checkRd: (-1) Mena.Rd:15: Lost braces in \itemize; meant \describe ?
checkRd: (-1) Mena.Rd:16: Lost braces in \itemize; meant \describe ?
checkRd: (-1) Mena.Rd:17: Lost braces in \itemize; meant \describe ?
checkRd: (-1) Mena.Rd:18: Lost braces in \itemize; meant \describe ?
checkRd: (-1) Mena.Rd:19: Lost braces in \itemize; meant \describe ?
Flavors: r-devel-linux-x86_64-debian-clang, r-devel-linux-x86_64-debian-gcc, r-devel-linux-x86_64-fedora-clang, r-devel-linux-x86_64-fedora-gcc, r-devel-windows-x86_64, r-patched-linux-x86_64, r-release-linux-x86_64, r-release-macos-arm64, r-release-macos-x86_64, r-release-windows-x86_64