Last updated on 2024-06-30 05:53:07 CEST.
Flavor | Version | Tinstall | Tcheck | Ttotal | Status | Flags |
---|---|---|---|---|---|---|
r-devel-linux-x86_64-debian-clang | 1.0.0 | 565.60 | 149.57 | 715.17 | OK | |
r-devel-linux-x86_64-debian-gcc | 1.0.0 | 456.80 | 134.93 | 591.73 | OK | |
r-devel-linux-x86_64-fedora-clang | 1.0.0 | 953.55 | NOTE | |||
r-devel-linux-x86_64-fedora-gcc | 1.0.0 | 1225.96 | OK | |||
r-devel-windows-x86_64 | 1.0.0 | 412.00 | 170.00 | 582.00 | NOTE | |
r-patched-linux-x86_64 | 1.0.0 | 526.40 | 174.16 | 700.56 | OK | |
r-release-linux-x86_64 | 1.0.0 | 435.53 | 171.32 | 606.85 | OK | |
r-release-macos-arm64 | 1.0.0 | 211.00 | NOTE | |||
r-release-macos-x86_64 | 1.0.0 | 235.00 | NOTE | |||
r-release-windows-x86_64 | 1.0.0 | 413.00 | 165.00 | 578.00 | NOTE | |
r-oldrel-macos-arm64 | 1.0.0 | 216.00 | NOTE | |||
r-oldrel-macos-x86_64 | 1.0.0 | 283.00 | NOTE | |||
r-oldrel-windows-x86_64 | 1.0.0 | 503.00 | 215.00 | 718.00 | NOTE |
Version: 1.0.0
Check: installed package size
Result: NOTE
installed size is 7.0Mb
sub-directories of 1Mb or more:
data 2.8Mb
libs 3.4Mb
Flavors: r-devel-linux-x86_64-fedora-clang, r-devel-windows-x86_64, r-release-macos-arm64, r-release-macos-x86_64, r-release-windows-x86_64, r-oldrel-macos-arm64, r-oldrel-macos-x86_64, r-oldrel-windows-x86_64