CRAN Package Check Results for Package detrendr

Last updated on 2025-02-02 05:48:21 CET.

Flavor Version Tinstall Tcheck Ttotal Status Flags
r-devel-linux-x86_64-debian-clang 0.6.15 74.56 102.70 177.26 OK
r-devel-linux-x86_64-debian-gcc 0.6.15 52.58 73.97 126.55 ERROR
r-devel-linux-x86_64-fedora-clang 0.6.15 338.86 OK
r-devel-linux-x86_64-fedora-gcc 0.6.15 357.80 OK
r-devel-windows-x86_64 0.6.15 98.00 125.00 223.00 OK
r-patched-linux-x86_64 0.6.15 71.20 96.14 167.34 NOTE
r-release-linux-x86_64 0.6.15 72.65 96.14 168.79 NOTE
r-release-macos-arm64 0.6.15 51.00 NOTE
r-release-macos-x86_64 0.6.15 76.00 NOTE
r-release-windows-x86_64 0.6.15 93.00 129.00 222.00 NOTE
r-oldrel-macos-arm64 0.6.15 107.00 NOTE
r-oldrel-macos-x86_64 0.6.15 177.00 NOTE
r-oldrel-windows-x86_64 0.6.15 115.00 153.00 268.00 NOTE

Additional issues

Intel

Check Details

Version: 0.6.15
Check: examples
Result: ERROR Running examples in ‘detrendr-Ex.R’ failed The error most likely occurred in: > base::assign(".ptime", proc.time(), pos = "CheckExEnv") > ### Name: rtoboxes > ### Title: Randomly place balls in boxes. > ### Aliases: rtoboxes > > ### ** Examples > > rtoboxes(30, 7) [1] 3 5 5 1 6 4 6 > rtoboxes(30, 7, capacities = c(rep(1, 3), rep(7, 4))) [1] 1 1 1 7 7 7 6 > rtoboxes(30, 7, + capacities = c(rep(1, 3), rep(70, 4)), + weights = c(rep(0.1, 6), 1) + ) [1] 1 1 1 4 0 1 22 > > > > base::assign(".dptime", (proc.time() - get(".ptime", pos = "CheckExEnv")), pos = "CheckExEnv") > base::cat("rtoboxes", base::get(".format_ptime", pos = 'CheckExEnv')(get(".dptime", pos = "CheckExEnv")), "\n", file=base::get(".ExTimings", pos = 'CheckExEnv'), append=TRUE, sep="\t") > ### * <FOOTER> > ### > cleanEx() > options(digits = 7L) > base::cat("Time elapsed: ", proc.time() - base::get("ptime", pos = 'CheckExEnv'),"\n") Time elapsed: 0.468 0.03 0.547 0 0 > grDevices::dev.off() null device 1 > ### > ### Local variables: *** > ### mode: outline-minor *** > ### outline-regexp: "\\(> \\)?### [*]+" *** > ### End: *** > quit('no') Segmentation fault Flavor: r-devel-linux-x86_64-debian-gcc

Version: 0.6.15
Check: for GNU extensions in Makefiles
Result: NOTE GNU make is a SystemRequirements. Flavors: r-patched-linux-x86_64, r-release-linux-x86_64, r-release-macos-arm64, r-release-macos-x86_64, r-release-windows-x86_64, r-oldrel-macos-arm64, r-oldrel-macos-x86_64, r-oldrel-windows-x86_64