Last updated on 2024-06-30 05:53:06 CEST.
Flavor | Version | Tinstall | Tcheck | Ttotal | Status | Flags |
---|---|---|---|---|---|---|
r-devel-linux-x86_64-debian-clang | 0.0.1 | 29.07 | 85.83 | 114.90 | NOTE | |
r-devel-linux-x86_64-debian-gcc | 0.0.1 | 17.80 | 63.39 | 81.19 | NOTE | |
r-devel-linux-x86_64-fedora-clang | 0.0.1 | 145.53 | NOTE | |||
r-devel-linux-x86_64-fedora-gcc | 0.0.1 | 150.57 | NOTE | |||
r-devel-windows-x86_64 | 0.0.1 | 25.00 | 94.00 | 119.00 | NOTE | |
r-patched-linux-x86_64 | 0.0.1 | 25.88 | 78.52 | 104.40 | NOTE | |
r-release-linux-x86_64 | 0.0.1 | 25.67 | 80.25 | 105.92 | NOTE | |
r-release-macos-arm64 | 0.0.1 | 39.00 | NOTE | |||
r-release-macos-x86_64 | 0.0.1 | 61.00 | NOTE | |||
r-release-windows-x86_64 | 0.0.1 | 26.00 | 92.00 | 118.00 | NOTE | |
r-oldrel-macos-arm64 | 0.0.1 | 45.00 | NOTE | |||
r-oldrel-macos-x86_64 | 0.0.1 | 71.00 | NOTE | |||
r-oldrel-windows-x86_64 | 0.0.1 | 23.00 | 114.00 | 137.00 | NOTE |
Version: 0.0.1
Check: LazyData
Result: NOTE
'LazyData' is specified without a 'data' directory
Flavors: r-devel-linux-x86_64-debian-clang, r-devel-linux-x86_64-debian-gcc, r-devel-linux-x86_64-fedora-clang, r-devel-linux-x86_64-fedora-gcc, r-devel-windows-x86_64, r-patched-linux-x86_64, r-release-linux-x86_64, r-release-macos-arm64, r-release-macos-x86_64, r-release-windows-x86_64, r-oldrel-macos-arm64, r-oldrel-macos-x86_64, r-oldrel-windows-x86_64