Last updated on 2024-06-30 05:53:06 CEST.
Flavor | Version | Tinstall | Tcheck | Ttotal | Status | Flags |
---|---|---|---|---|---|---|
r-devel-linux-x86_64-debian-clang | 1.2 | 9.53 | 79.06 | 88.59 | NOTE | |
r-devel-linux-x86_64-debian-gcc | 1.2 | 6.04 | 59.82 | 65.86 | NOTE | |
r-devel-linux-x86_64-fedora-clang | 1.2 | 106.89 | NOTE | |||
r-devel-linux-x86_64-fedora-gcc | 1.2 | 115.41 | NOTE | |||
r-devel-windows-x86_64 | 1.2 | 7.00 | 78.00 | 85.00 | NOTE | |
r-patched-linux-x86_64 | 1.2 | 10.34 | 76.10 | 86.44 | NOTE | |
r-release-linux-x86_64 | 1.2 | 8.88 | 76.54 | 85.42 | NOTE | |
r-release-macos-arm64 | 1.2 | 34.00 | NOTE | |||
r-release-macos-x86_64 | 1.2 | 53.00 | NOTE | |||
r-release-windows-x86_64 | 1.2 | 8.00 | 78.00 | 86.00 | NOTE | |
r-oldrel-macos-arm64 | 1.2 | 36.00 | OK | |||
r-oldrel-macos-x86_64 | 1.2 | 85.00 | OK | |||
r-oldrel-windows-x86_64 | 1.2 | 8.00 | 90.00 | 98.00 | OK |
Version: 1.2
Check: Rd files
Result: NOTE
checkRd: (-1) deepNN-package.Rd:18: Lost braces
18 | section{Dependencies}{
| ^
checkRd: (-1) deepNN-package.Rd:18-21: Lost braces
18 | section{Dependencies}{
| ^
checkRd: (-1) deepNN-package.Rd:23: Lost braces
23 | section{Citation}{
| ^
checkRd: (-1) deepNN-package.Rd:23-25: Lost braces
23 | section{Citation}{
| ^
checkRd: (-1) deepNN-package.Rd:27-38: Lost braces
27 | references{
| ^
Flavors: r-devel-linux-x86_64-debian-clang, r-devel-linux-x86_64-debian-gcc, r-devel-linux-x86_64-fedora-clang, r-devel-linux-x86_64-fedora-gcc, r-devel-windows-x86_64, r-patched-linux-x86_64, r-release-linux-x86_64, r-release-macos-arm64, r-release-macos-x86_64, r-release-windows-x86_64