Last updated on 2025-02-03 05:49:04 CET.
Flavor | Version | Tinstall | Tcheck | Ttotal | Status | Flags |
---|---|---|---|---|---|---|
r-devel-linux-x86_64-debian-clang | 0.2.0 | 2.48 | 36.56 | 39.04 | ERROR | |
r-devel-linux-x86_64-debian-gcc | 0.2.1 | 1.88 | 34.69 | 36.57 | OK | |
r-devel-linux-x86_64-fedora-clang | 0.2.1 | 80.65 | OK | |||
r-devel-linux-x86_64-fedora-gcc | 0.2.0 | 75.38 | ERROR | |||
r-devel-windows-x86_64 | 0.2.0 | 5.00 | 86.00 | 91.00 | ERROR | |
r-patched-linux-x86_64 | 0.2.0 | 3.40 | 33.75 | 37.15 | ERROR | |
r-release-linux-x86_64 | 0.2.0 | 2.42 | 33.65 | 36.07 | ERROR | |
r-release-macos-arm64 | 0.2.1 | 108.00 | OK | |||
r-release-macos-x86_64 | 0.2.1 | 131.00 | OK | |||
r-release-windows-x86_64 | 0.2.0 | 5.00 | 84.00 | 89.00 | ERROR | |
r-oldrel-macos-arm64 | 0.2.0 | 148.00 | OK | |||
r-oldrel-macos-x86_64 | 0.2.0 | 108.00 | OK | |||
r-oldrel-windows-x86_64 | 0.2.1 | 6.00 | 108.00 | 114.00 | OK |
Version: 0.2.0
Check: DESCRIPTION meta-information
Result: NOTE
Missing dependency on R >= 4.1.0 because package code uses the pipe
|> or function shorthand \(...) syntax added in R 4.1.0.
File(s) using such syntax:
‘cvd_api_functions.R’
Flavors: r-devel-linux-x86_64-debian-clang, r-devel-linux-x86_64-fedora-gcc, r-devel-windows-x86_64
Version: 0.2.0
Check: re-building of vignette outputs
Result: ERROR
Error(s) in re-building vignettes:
...
--- re-building ‘using_cvdprevent.Rmd’ using rmarkdown
Quitting from lines 176-178 [unnamed-chunk-16] (using_cvdprevent.Rmd)
Error: processing vignette 'using_cvdprevent.Rmd' failed with diagnostics:
no applicable method for 'group_vars' applied to an object of class "NULL"
--- failed re-building ‘using_cvdprevent.Rmd’
SUMMARY: processing the following file failed:
‘using_cvdprevent.Rmd’
Error: Vignette re-building failed.
Execution halted
Flavors: r-devel-linux-x86_64-debian-clang, r-patched-linux-x86_64, r-release-linux-x86_64
Version: 0.2.0
Check: re-building of vignette outputs
Result: ERROR
Error(s) in re-building vignettes:
--- re-building ‘using_cvdprevent.Rmd’ using rmarkdown
Quitting from lines 176-178 [unnamed-chunk-16] (using_cvdprevent.Rmd)
Error: processing vignette 'using_cvdprevent.Rmd' failed with diagnostics:
no applicable method for 'group_vars' applied to an object of class "NULL"
--- failed re-building ‘using_cvdprevent.Rmd’
SUMMARY: processing the following file failed:
‘using_cvdprevent.Rmd’
Error: Vignette re-building failed.
Execution halted
Flavors: r-devel-linux-x86_64-fedora-gcc, r-devel-windows-x86_64, r-release-windows-x86_64