Last updated on 2025-02-02 05:48:21 CET.
Flavor | Version | Tinstall | Tcheck | Ttotal | Status | Flags |
---|---|---|---|---|---|---|
r-devel-linux-x86_64-debian-clang | 1.2.1 | 115.77 | 63.49 | 179.26 | OK | |
r-devel-linux-x86_64-debian-gcc | 1.2.1 | 78.39 | 48.78 | 127.17 | OK | |
r-devel-linux-x86_64-fedora-clang | 1.2.1 | 361.04 | NOTE | |||
r-devel-linux-x86_64-fedora-gcc | 1.2.1 | 358.63 | NOTE | |||
r-devel-windows-x86_64 | 1.2.1 | 114.00 | 121.00 | 235.00 | OK | |
r-patched-linux-x86_64 | 1.2.1 | 113.88 | 60.36 | 174.24 | OK | |
r-release-linux-x86_64 | 1.2.1 | 111.68 | 60.23 | 171.91 | OK | |
r-release-macos-arm64 | 1.2.1 | 76.00 | NOTE | |||
r-release-macos-x86_64 | 1.2.1 | 83.00 | NOTE | |||
r-release-windows-x86_64 | 1.2.1 | 113.00 | 101.00 | 214.00 | OK | |
r-oldrel-macos-arm64 | 1.2.1 | 90.00 | NOTE | |||
r-oldrel-macos-x86_64 | 1.2.1 | 155.00 | NOTE | |||
r-oldrel-windows-x86_64 | 1.2.1 | 131.00 | 126.00 | 257.00 | OK |
Version: 1.2.1
Check: compiled code
Result: NOTE
File ‘cqrReg/libs/cqrReg.so’:
Found no calls to: ‘R_registerRoutines’, ‘R_useDynamicSymbols’
It is good practice to register native routines and to disable symbol
search.
See ‘Writing portable packages’ in the ‘Writing R Extensions’ manual.
Flavors: r-devel-linux-x86_64-fedora-clang, r-devel-linux-x86_64-fedora-gcc
Version: 1.2.1
Check: installed package size
Result: NOTE
installed size is 6.9Mb
sub-directories of 1Mb or more:
libs 6.8Mb
Flavors: r-release-macos-arm64, r-release-macos-x86_64, r-oldrel-macos-arm64, r-oldrel-macos-x86_64