Last updated on 2024-08-07 05:50:00 CEST.
Flavor | Version | Tinstall | Tcheck | Ttotal | Status | Flags |
---|---|---|---|---|---|---|
r-devel-linux-x86_64-debian-clang | 1.6.0 | 3.91 | 68.22 | 72.13 | OK | |
r-devel-linux-x86_64-debian-gcc | 1.6.0 | 2.65 | 45.88 | 48.53 | OK | |
r-devel-linux-x86_64-fedora-clang | 1.6.0 | 117.51 | NOTE | |||
r-devel-linux-x86_64-fedora-gcc | 1.6.0 | 109.24 | NOTE | |||
r-devel-windows-x86_64 | 1.6.0 | 4.00 | 144.00 | 148.00 | OK | |
r-patched-linux-x86_64 | 1.6.0 | 3.57 | 65.75 | 69.32 | OK | |
r-release-linux-x86_64 | 1.6.0 | 3.70 | 65.71 | 69.41 | OK | |
r-release-macos-arm64 | 1.6.0 | 38.00 | OK | |||
r-release-macos-x86_64 | 1.6.0 | 89.00 | OK | |||
r-release-windows-x86_64 | 1.6.0 | 5.00 | 141.00 | 146.00 | OK | |
r-oldrel-macos-arm64 | 1.6.0 | 57.00 | OK | |||
r-oldrel-macos-x86_64 | 1.6.0 | 133.00 | OK | |||
r-oldrel-windows-x86_64 | 1.6.0 | 5.00 | 151.00 | 156.00 | OK |
Version: 1.6.0
Check: data for non-ASCII characters
Result: NOTE
Note: found 140280 marked UTF-8 strings
Flavors: r-devel-linux-x86_64-fedora-clang, r-devel-linux-x86_64-fedora-gcc