Last updated on 2024-06-30 05:53:06 CEST.
Flavor | Version | Tinstall | Tcheck | Ttotal | Status | Flags |
---|---|---|---|---|---|---|
r-devel-linux-x86_64-debian-clang | 0.4.0 | 3.22 | 33.43 | 36.65 | OK | |
r-devel-linux-x86_64-debian-gcc | 0.4.0 | 2.31 | 25.86 | 28.17 | OK | |
r-devel-linux-x86_64-fedora-clang | 0.4.0 | 45.39 | NOTE | |||
r-devel-linux-x86_64-fedora-gcc | 0.4.0 | 60.54 | OK | |||
r-devel-windows-x86_64 | 0.4.0 | 3.00 | 48.00 | 51.00 | OK | |
r-patched-linux-x86_64 | 0.4.0 | 3.39 | 32.48 | 35.87 | OK | |
r-release-linux-x86_64 | 0.4.0 | 2.66 | 32.32 | 34.98 | OK | |
r-release-macos-arm64 | 0.4.0 | 23.00 | OK | |||
r-release-macos-x86_64 | 0.4.0 | 37.00 | OK | |||
r-release-windows-x86_64 | 0.4.0 | 4.00 | 49.00 | 53.00 | OK | |
r-oldrel-macos-arm64 | 0.4.0 | 24.00 | OK | |||
r-oldrel-macos-x86_64 | 0.4.0 | 34.00 | OK | |||
r-oldrel-windows-x86_64 | 0.4.0 | 4.00 | 54.00 | 58.00 | OK |
Version: 0.4.0
Check: Rd cross-references
Result: NOTE
Undeclared packages ‘xaringan’, ‘beepr’ in Rd xrefs
Flavor: r-devel-linux-x86_64-fedora-clang