Last updated on 2024-06-30 05:53:05 CEST.
Flavor | Version | Tinstall | Tcheck | Ttotal | Status | Flags |
---|---|---|---|---|---|---|
r-devel-linux-x86_64-debian-clang | 0.8.6 | 5.00 | 46.39 | 51.39 | OK | |
r-devel-linux-x86_64-debian-gcc | 0.8.6 | 3.50 | 35.67 | 39.17 | OK | |
r-devel-linux-x86_64-fedora-clang | 0.8.6 | 65.56 | NOTE | |||
r-devel-linux-x86_64-fedora-gcc | 0.8.6 | 64.95 | NOTE | |||
r-devel-windows-x86_64 | 0.8.6 | 8.00 | 58.00 | 66.00 | OK | |
r-patched-linux-x86_64 | 0.8.6 | 3.89 | 44.63 | 48.52 | OK | |
r-release-linux-x86_64 | 0.8.6 | 4.07 | 45.72 | 49.79 | OK | |
r-release-macos-arm64 | 0.8.6 | 25.00 | OK | |||
r-release-macos-x86_64 | 0.8.6 | 40.00 | OK | |||
r-release-windows-x86_64 | 0.8.6 | 7.00 | 59.00 | 66.00 | OK | |
r-oldrel-macos-arm64 | 0.8.6 | 23.00 | OK | |||
r-oldrel-macos-x86_64 | 0.8.6 | 34.00 | OK | |||
r-oldrel-windows-x86_64 | 0.8.6 | 7.00 | 66.00 | 73.00 | OK |
Version: 0.8.6
Check: dependencies in R code
Result: NOTE
Namespaces in Imports field not imported from:
‘RColorBrewer’ ‘ggplot2’ ‘re2’ ‘rmarkdown’ ‘shinyWidgets’
‘shinydashboard’ ‘shinyjs’
All declared Imports should be used.
Flavors: r-devel-linux-x86_64-fedora-clang, r-devel-linux-x86_64-fedora-gcc