Last updated on 2025-02-02 05:48:20 CET.
Flavor | Version | Tinstall | Tcheck | Ttotal | Status | Flags |
---|---|---|---|---|---|---|
r-devel-linux-x86_64-debian-clang | 0.1.6 | 11.35 | 86.63 | 97.98 | NOTE | |
r-devel-linux-x86_64-debian-gcc | 0.1.6 | 8.42 | 63.01 | 71.43 | NOTE | |
r-devel-linux-x86_64-fedora-clang | 0.1.6 | 160.97 | OK | |||
r-devel-linux-x86_64-fedora-gcc | 0.1.6 | 148.86 | OK | |||
r-devel-windows-x86_64 | 0.1.6 | 11.00 | 89.00 | 100.00 | NOTE | |
r-patched-linux-x86_64 | 0.1.6 | 16.56 | 79.44 | 96.00 | OK | |
r-release-linux-x86_64 | 0.1.6 | 11.06 | 80.95 | 92.01 | OK | |
r-release-macos-arm64 | 0.1.6 | 45.00 | OK | |||
r-release-macos-x86_64 | 0.1.6 | 66.00 | OK | |||
r-release-windows-x86_64 | 0.1.6 | 13.00 | 89.00 | 102.00 | OK | |
r-oldrel-macos-arm64 | 0.1.6 | 49.00 | OK | |||
r-oldrel-macos-x86_64 | 0.1.6 | 77.00 | OK | |||
r-oldrel-windows-x86_64 | 0.1.6 | 16.00 | 110.00 | 126.00 | OK |
Version: 0.1.6
Check: Rd cross-references
Result: NOTE
Found the following Rd file(s) with Rd \link{} targets missing package
anchors:
boxesLx.Rd: grViz
mkratetable.Rd: survival, pyears
plotcuminc.Rd: survival, pyears
Please provide package anchors for all Rd \link{} targets not in the
package itself and the base packages.
Flavors: r-devel-linux-x86_64-debian-clang, r-devel-linux-x86_64-debian-gcc, r-devel-windows-x86_64