Last updated on 2025-02-02 05:48:20 CET.
Flavor | Version | Tinstall | Tcheck | Ttotal | Status | Flags |
---|---|---|---|---|---|---|
r-devel-linux-x86_64-debian-clang | 0.1.3 | 7.37 | 87.48 | 94.85 | OK | |
r-devel-linux-x86_64-debian-gcc | 0.1.3 | 6.07 | 63.18 | 69.25 | OK | |
r-devel-linux-x86_64-fedora-clang | 0.1.3 | 164.88 | NOTE | |||
r-devel-linux-x86_64-fedora-gcc | 0.1.3 | 158.96 | NOTE | |||
r-devel-windows-x86_64 | 0.1.3 | 12.00 | 100.00 | 112.00 | OK | |
r-patched-linux-x86_64 | 0.1.3 | 8.48 | 82.03 | 90.51 | OK | |
r-release-linux-x86_64 | 0.1.3 | 7.90 | 81.48 | 89.38 | OK | |
r-release-macos-arm64 | 0.1.3 | 48.00 | OK | |||
r-release-macos-x86_64 | 0.1.3 | 77.00 | OK | |||
r-release-windows-x86_64 | 0.1.3 | 10.00 | 107.00 | 117.00 | OK | |
r-oldrel-macos-arm64 | 0.1.3 | 47.00 | OK | |||
r-oldrel-macos-x86_64 | 0.1.3 | 123.00 | OK | |||
r-oldrel-windows-x86_64 | 0.1.3 | 12.00 | 118.00 | 130.00 | OK |
Version: 0.1.3
Check: dependencies in R code
Result: NOTE
Namespace in Imports field not imported from: ‘MPV’
All declared Imports should be used.
Flavors: r-devel-linux-x86_64-fedora-clang, r-devel-linux-x86_64-fedora-gcc