Last updated on 2025-02-02 05:48:20 CET.
Flavor | Version | Tinstall | Tcheck | Ttotal | Status | Flags |
---|---|---|---|---|---|---|
r-devel-linux-x86_64-debian-clang | 2.4.1 | 27.96 | 146.96 | 174.92 | NOTE | |
r-devel-linux-x86_64-debian-gcc | 2.4.1 | 23.00 | 104.33 | 127.33 | NOTE | |
r-devel-linux-x86_64-fedora-clang | 2.4.1 | 294.01 | OK | |||
r-devel-linux-x86_64-fedora-gcc | 2.4.1 | 266.76 | OK | |||
r-devel-windows-x86_64 | 2.4.1 | 22.00 | 150.00 | 172.00 | NOTE | |
r-patched-linux-x86_64 | 2.4.1 | 36.55 | 138.79 | 175.34 | OK | |
r-release-linux-x86_64 | 2.4.1 | 30.63 | 137.80 | 168.43 | OK | |
r-release-macos-arm64 | 2.4.1 | 59.00 | OK | |||
r-release-macos-x86_64 | 2.4.1 | 94.00 | OK | |||
r-release-windows-x86_64 | 2.4.1 | 27.00 | 151.00 | 178.00 | OK | |
r-oldrel-macos-arm64 | 2.4.1 | 56.00 | OK | |||
r-oldrel-macos-x86_64 | 2.4.1 | 115.00 | OK | |||
r-oldrel-windows-x86_64 | 2.4.1 | 31.00 | 182.00 | 213.00 | OK |
Version: 2.4.1
Check: Rd cross-references
Result: NOTE
Found the following Rd file(s) with Rd \link{} targets missing package
anchors:
clinDR-package.Rd: DoseFinding
emaxsim.Rd: Mods
emaxsimB.Rd: Mods
fitEmaxB.Rd: rstan
Please provide package anchors for all Rd \link{} targets not in the
package itself and the base packages.
Flavors: r-devel-linux-x86_64-debian-clang, r-devel-linux-x86_64-debian-gcc, r-devel-windows-x86_64