Last updated on 2024-08-07 05:49:59 CEST.
Flavor | Version | Tinstall | Tcheck | Ttotal | Status | Flags |
---|---|---|---|---|---|---|
r-devel-linux-x86_64-debian-clang | 2.0.3 | 20.20 | 255.80 | 276.00 | NOTE | |
r-devel-linux-x86_64-debian-gcc | 2.0.3 | 16.54 | 198.35 | 214.89 | NOTE | |
r-devel-linux-x86_64-fedora-clang | 2.0.3 | 454.16 | OK | |||
r-devel-linux-x86_64-fedora-gcc | 2.0.3 | 426.01 | OK | |||
r-devel-windows-x86_64 | 2.0.3 | 21.00 | 263.00 | 284.00 | NOTE | |
r-patched-linux-x86_64 | 2.0.3 | 26.49 | 243.25 | 269.74 | OK | |
r-release-linux-x86_64 | 2.0.3 | 17.19 | 247.63 | 264.82 | OK | |
r-release-macos-arm64 | 2.0.3 | 141.00 | OK | |||
r-release-macos-x86_64 | 2.0.3 | 217.00 | OK | |||
r-release-windows-x86_64 | 2.0.3 | 22.00 | 267.00 | 289.00 | OK | |
r-oldrel-macos-arm64 | 2.0.3 | 141.00 | OK | |||
r-oldrel-macos-x86_64 | 2.0.3 | 360.00 | OK | |||
r-oldrel-windows-x86_64 | 2.0.3 | 31.00 | 325.00 | 356.00 | OK |
Version: 2.0.3
Check: Rd cross-references
Result: NOTE
Found the following Rd file(s) with Rd \link{} targets missing package
anchors:
caretList.Rd: train, trainControl
metrics.Rd: train
predict.caretStack.Rd: predict.train
varImp.caretEnsemble.Rd: varImp
Please provide package anchors for all Rd \link{} targets not in the
package itself and the base packages.
Flavors: r-devel-linux-x86_64-debian-clang, r-devel-linux-x86_64-debian-gcc, r-devel-windows-x86_64