Last updated on 2024-06-30 05:53:04 CEST.
Flavor | Version | Tinstall | Tcheck | Ttotal | Status | Flags |
---|---|---|---|---|---|---|
r-devel-linux-x86_64-debian-clang | 0.1.2 | 44.41 | 227.19 | 271.60 | NOTE | |
r-devel-linux-x86_64-debian-gcc | 0.1.2 | 31.87 | 162.71 | 194.58 | NOTE | |
r-devel-linux-x86_64-fedora-clang | 0.1.2 | 332.19 | NOTE | |||
r-devel-linux-x86_64-fedora-gcc | 0.1.2 | 314.18 | NOTE | |||
r-devel-windows-x86_64 | 0.1.2 | 25.00 | 153.00 | 178.00 | NOTE | |
r-patched-linux-x86_64 | 0.1.2 | 28.55 | 210.95 | 239.50 | NOTE | |
r-release-linux-x86_64 | 0.1.2 | 0.27 | 2.03 | 2.30 | ERROR | |
r-release-macos-arm64 | 0.1.2 | 82.00 | NOTE | |||
r-release-macos-x86_64 | 0.1.2 | 118.00 | NOTE | |||
r-release-windows-x86_64 | 0.1.2 | 25.00 | 156.00 | 181.00 | NOTE | |
r-oldrel-macos-arm64 | 0.1.2 | 75.00 | NOTE | |||
r-oldrel-macos-x86_64 | 0.1.2 | 127.00 | NOTE | |||
r-oldrel-windows-x86_64 | 0.1.2 | 31.00 | 196.00 | 227.00 | NOTE |
Version: 0.1.2
Check: LazyData
Result: NOTE
'LazyData' is specified without a 'data' directory
Flavors: r-devel-linux-x86_64-debian-clang, r-devel-linux-x86_64-debian-gcc, r-devel-linux-x86_64-fedora-clang, r-devel-linux-x86_64-fedora-gcc, r-devel-windows-x86_64, r-patched-linux-x86_64, r-release-macos-arm64, r-release-macos-x86_64, r-release-windows-x86_64, r-oldrel-macos-arm64, r-oldrel-macos-x86_64, r-oldrel-windows-x86_64
Version: 0.1.2
Check: package dependencies
Result: ERROR
Package required but not available: ‘blavaan’
See section ‘The DESCRIPTION file’ in the ‘Writing R Extensions’
manual.
Flavor: r-release-linux-x86_64