Last updated on 2024-08-06 05:49:19 CEST.
Flavor | Version | Tinstall | Tcheck | Ttotal | Status | Flags |
---|---|---|---|---|---|---|
r-devel-linux-x86_64-debian-clang | 5.0 | 60.23 | 129.33 | 189.56 | OK | |
r-devel-linux-x86_64-debian-gcc | 5.0 | 33.03 | 61.11 | 94.14 | OK | |
r-devel-linux-x86_64-fedora-clang | 5.0 | 242.38 | OK | |||
r-devel-linux-x86_64-fedora-gcc | 5.0 | 229.91 | OK | |||
r-devel-windows-x86_64 | 5.0 | 85.00 | 116.00 | 201.00 | OK | |
r-patched-linux-x86_64 | 5.0 | 48.91 | 88.79 | 137.70 | OK | |
r-release-linux-x86_64 | 5.0 | 51.75 | 120.32 | 172.07 | OK | |
r-release-macos-arm64 | 5.0 | 21.00 | ERROR | |||
r-release-macos-x86_64 | 5.0 | 46.00 | ERROR | |||
r-release-windows-x86_64 | 5.0 | 98.00 | 111.00 | 209.00 | OK | |
r-oldrel-macos-arm64 | 4.9.4 | 83.00 | OK | |||
r-oldrel-macos-x86_64 | 4.9.4 | 178.00 | NOTE | |||
r-oldrel-windows-x86_64 | 4.9.4 | 94.00 | 141.00 | 235.00 | OK |
Version: 5.0
Check: whether package can be installed
Result: ERROR
Installation failed.
Flavors: r-release-macos-arm64, r-release-macos-x86_64
Version: 4.9.4
Check: installed package size
Result: NOTE
installed size is 5.1Mb
sub-directories of 1Mb or more:
data 2.1Mb
libs 1.7Mb
Flavor: r-oldrel-macos-x86_64